{"id":23879,"date":"2026-01-29T09:17:08","date_gmt":"2026-01-29T08:17:08","guid":{"rendered":"https:\/\/www.wecity.com\/oportunidades\/malaga-el-limonar\/"},"modified":"2026-02-03T14:09:57","modified_gmt":"2026-02-03T13:09:57","slug":"malaga-el-limonar","status":"publish","type":"oportunidades","link":"https:\/\/www.wecity.com\/pt-pt\/investidores\/malaga-el-limonar\/","title":{"rendered":"M\u00e1laga &#8211; El Limonar"},"content":{"rendered":"\n<p>A WECITY cumpre as disposi\u00e7\u00f5es do Regulamento (UE) 2020\/1503 do Parlamento Europeu e do Conselho, de 7 de outubro de 2020, relativo aos prestadores europeus de servi\u00e7os de financiamento das empresas atrav\u00e9s de capitais pr\u00f3prios, e do T\u00edtulo V da Lei 5\/2015, relativa \u00e0 promo\u00e7\u00e3o do financiamento das empresas, alterada pela Lei 18\/2022, de 28 de setembro, relativa \u00e0 cria\u00e7\u00e3o e crescimento de empresas. Est\u00e1 autorizado pela <strong>CNMV<\/strong> como Prestador de Servi\u00e7os de Financiamento Participativo, registado sob o n\u00famero 9, com uma proposta favor\u00e1vel do <strong>Banco de Espanha<\/strong>. <\/p>\n\n\n\n<p>Investidor, antes de fazeres o teu investimento, l\u00ea as <a href=\"https:\/\/www.wecity.com\/pt-pt\/informacao-investidor\/\" target=\"_blank\" rel=\"noreferrer noopener\">informa\u00e7\u00f5es b\u00e1sicas para o cliente investidor<\/a>, bem como o <a href=\"https:\/\/www.wecity.com\/pt-pt\/informacao-investidor\/#periodo_reflexi%C3%B3n\">per\u00edodo de reflex\u00e3o pr\u00e9-contratual para investidores inexperientes <\/a>.  <\/p>\n\n\n\n<p><strong>Tens a pele no jogo<\/strong>:  <em>&#8220;Em conformidade com o artigo 8.\u00ba, n.\u00ba 2, do Regulamento (UE) 2020\/1503 do Parlamento Europeu e do Conselho, de 7 de outubro de 2020, relativo aos prestadores europeus de servi\u00e7os de financiamento em capital pr\u00f3prio, informamos que <a href=\"https:\/\/www.wecity.com\/pt-pt\/equipo\/\" target=\"_blank\" rel=\"noreferrer noopener\">os parceiros, gestores e funcion\u00e1rios da wecity<\/a> podem investir nesta oportunidade. Estes investimentos ser\u00e3o efectuados nos mesmos termos e condi\u00e7\u00f5es que os outros investidores, sem tratamento preferencial ou acesso privilegiado \u00e0 informa\u00e7\u00e3o&#8221;. <\/em><\/p>\n\n\n\n<h2 class=\"wp-block-heading\">O investimento<\/h2>\n\n\n\n<div class=\"wp-block-group is-style-border-radius has-background\" style=\"background-color:#f5f7f6\"><div class=\"wp-block-group__inner-container is-layout-constrained wp-block-group-is-layout-constrained\">\n<ul class=\"wp-block-list\">\n<li><strong>Objetivo do empr\u00e9stimo:<\/strong> Aquisi\u00e7\u00e3o.<\/li>\n\n\n\n<li><strong>Seguran\u00e7a:<\/strong> hipoteca de<sup>1\u00ba <\/sup>grau.<\/li>\n\n\n\n<li><strong>Prazo:<\/strong> 12 meses (+6 meses de prorroga\u00e7\u00e3o poss\u00edvel)<\/li>\n\n\n\n<li><strong>Obrigat\u00f3rio: <\/strong>6 meses.<\/li>\n\n\n\n<li><strong>Taxa de juro:<\/strong> 11% p.a.<\/li>\n\n\n\n<li><strong>Rendimento total estimado:<\/strong> 11%<\/li>\n\n\n\n<li><strong>Pagamentos de juros:<\/strong> no vencimento.<\/li>\n\n\n\n<li><strong>Avalia\u00e7\u00e3o ECO atual: <\/strong>1.746.668,67 \u20ac  <strong>| LTV atual: <\/strong>48,66%<\/li>\n\n\n\n<li><strong>Rating:<\/strong> <a href=\"https:\/\/www.wecity.com\/pt-pt\/modelo-de-avaliacao-de-riscos\/\">A<\/a><\/li>\n\n\n\n<li><strong>Contribui:<\/strong><ul><li><strong>Contribui\u00e7\u00e3o do promotor:<\/strong> 360.936,15 \u20ac<\/li><\/ul>\n<ul class=\"wp-block-list\">\n<li><strong>Empr\u00e9stimo wecity:<\/strong> 850.000,00 \u20ac<\/li>\n<\/ul>\n<\/li>\n\n\n\n<li><strong>Investimento m\u00ednimo:<\/strong> 250 \u20ac<\/li>\n\n\n\n<li><strong>Investimento m\u00e1ximo:<\/strong> 250 \u20ac para a primeira meia hora.<\/li>\n<\/ul>\n<\/div><\/div>\n\n\n\n<p>O promotor <strong>HIMAR LIVING SL, <\/strong>empresa gerida pela HL Management,<strong> <\/strong>solicita financiamento atrav\u00e9s da <strong>wecity<\/strong> para a aquisi\u00e7\u00e3o de um terreno situado na Calle Fuente de la Man\u00eda, 8, na cidade de M\u00e1laga.<\/p>\n\n\n\n<p>O terreno tem uma superf\u00edcie de 753m<sup>2 <\/sup>uma \u00e1rea edific\u00e1vel de 2.249 m<sup>2<\/sup>, onde se pretende desenvolver um edif\u00edcio de 19 fogos com 19 lugares de estacionamento.<\/p>\n\n\n\n<p>A n\u00edvel urban\u00edstico, o promotor ainda n\u00e3o solicitou a licen\u00e7a de constru\u00e7\u00e3o; a comercializa\u00e7\u00e3o ter\u00e1 in\u00edcio ap\u00f3s a formaliza\u00e7\u00e3o da aquisi\u00e7\u00e3o do bem.<\/p>\n\n\n\n<p>O montante total do empr\u00e9stimo ascende a 850 000 \u20ac, contar\u00e1 com <strong>garantia hipotec\u00e1ria de 1.\u00ba grau<\/strong>sobre o ativo e, al\u00e9m disso, ser\u00e1 <strong>penhorada a conta na qual a AEAT (Ag\u00eancia Tribut\u00e1ria Espanhola) devolver\u00e1 o IVA da aquisi\u00e7\u00e3o.<\/strong> O empr\u00e9stimo ser\u00e1 integralmente destinado \u00e0 aquisi\u00e7\u00e3o do terreno.<\/p>\n\n\n\n<p>O promotor fornecer\u00e1 um <strong>capital pr\u00f3prio<\/strong> de <span style=\"font-weight: 600; font-size: revert; color: initial; font-family: -apple-system, BlinkMacSystemFont, &quot;Segoe UI&quot;, Roboto, Oxygen-Sans, Ubuntu, Cantarell, &quot;Helvetica Neue&quot;, sans-serif;\">360.936,15 \u20ac<\/span> no momento da assinatura<strong>,<\/strong> que ser\u00e1 utilizado para a aquisi\u00e7\u00e3o.<\/p>\n\n\n\n<p>Prev\u00ea-se a sa\u00edda dos investidores <strong>da wecity<\/strong> com a entrada de financiamento banc\u00e1rio.<\/p>\n\n\n\n<p>Atrav\u00e9s do wecity, podes participar numa opera\u00e7\u00e3o <strong>de empr\u00e9stimo a taxa fixa<\/strong> com <strong>uma taxa de juro anual de 11% para um prazo estimado de 12 meses<\/strong> (6 meses obrigat\u00f3rios) com possibilidade de prorroga\u00e7\u00e3o por mais 6 meses<strong> <\/strong>.<\/p>\n\n\n\n<p>Os pagamentos de juros e o reembolso do capital investido ser\u00e3o efectuados<strong> na data de vencimento<\/strong>.<\/p>\n\n\n\n<h2 class=\"wp-block-heading\">Localiza\u00e7\u00e3o e ambiente<\/h2>\n\n\n\n<iframe src=\"https:\/\/www.google.com\/maps\/embed?pb=!1m18!1m12!1m3!1d6395.563380259114!2d-4.410809024013288!3d36.72780397177698!2m3!1f0!2f0!3f0!3m2!1i1024!2i768!4f13.1!3m3!1m2!1s0xd72f7c4abfe7b67%3A0x1889954db231789d!2sC.%20Fuente%20de%20la%20Man%C3%ADa%2C%208%2C%20Distrito%20Centro%2C%2029012%20M%C3%A1laga!5e0!3m2!1ses!2ses!4v1770107859641!5m2!1ses!2ses\" width=\"800\" height=\"600\" style=\"border:0;\" allowfullscreen=\"\" loading=\"lazy\" referrerpolicy=\"no-referrer-when-downgrade\"><\/iframe>\n\n\n\n<p>A Calle <strong>Fuente de la Man\u00eda 8<\/strong> situa-se numa zona residencial do <strong>bairro Centro<\/strong>, nas imedia\u00e7\u00f5es de <strong>Conde de Ure\u00f1a \/ La Victoria<\/strong>, com um perfil tranquilo e consolidado, t\u00edpico das colinas pr\u00f3ximas de Gibralfaro: ruas com pouco tr\u00e2nsito, habita\u00e7\u00e3o urbana e um ambiente de bairro, mas com o Centro Hist\u00f3rico a um pulo para o dia a dia.<\/p>\n\n\n\n<p>O <strong>Santu\u00e1rio de la Victoria<\/strong> e as <strong>vistas e passeios para Gibralfaro<\/strong>, bem como a rota e os enclaves do <strong>Barrio de la Victoria,<\/strong> destacam-se como pontos de interesse e de vida nos arredores.<\/p>\n\n\n\n<h2 class=\"wp-block-heading\">Garantia hipotec\u00e1ria<\/h2>\n\n\n\n<p>O empr\u00e9stimo ser\u00e1 garantido por uma hipoteca de<sup>1\u00ba<\/sup> grau sobre o ativo, situado na Calle Fuente de la Man\u00eda 8 (M\u00e1laga).<\/p>\n\n\n\n<p>De acordo com o relat\u00f3rio de avalia\u00e7\u00e3o efectuado pela <strong><strong><strong>Euroval<\/strong><\/strong><\/strong>a avalia\u00e7\u00e3o atual ascende a 1.746.668,67 euros. O empr\u00e9stimo a conceder ao promotor \u00e9 de <span style=\"font-size: revert; color: initial; font-family: -apple-system, BlinkMacSystemFont, \" segoe=\"\" ui=\"\" roboto=\"\" oxygen-sans=\"\" ubuntu=\"\" cantarell=\"\" neue=\"\" sans-serif=\"\">\u20ac850.000,00<\/span>, o que significa um Loan to Value (LTV) sobre a avalia\u00e7\u00e3o atual de 48,66%. <\/p>\n\n\n\n<h2 class=\"wp-block-heading\">Agente de garantia<\/h2>\n\n\n\n<p>A cria\u00e7\u00e3o, a manuten\u00e7\u00e3o, a gest\u00e3o, a administra\u00e7\u00e3o e, se for caso disso, a execu\u00e7\u00e3o do penhor em nome dos investidores da wecity ser\u00e3o efectuadas por uma entidade externa.<\/p>\n\n\n\n<p>Neste caso, o agente de garantia nomeado ser\u00e1 o indicado no contrato de empr\u00e9stimo.  <\/p>\n\n\n\n<h2 class=\"wp-block-heading\" style=\"font-size:24px\">Classifica\u00e7\u00e3o<\/h2>\n\n\n\n<p>A wecity, enquanto prestadora de servi\u00e7os de financiamento colaborativo e em conformidade com o Regulamento Delegado (UE) 2024\/358 que complementa o Regulamento (UE) 2020\/1503 do Parlamento Europeu e do Conselho, fornece uma <a href=\"https:\/\/www.wecity.com\/pt-pt\/modelo-de-avaliacao-de-riscos\/\" target=\"_blank\" rel=\"noreferrer noopener\">descri\u00e7\u00e3o do m\u00e9todo de nota\u00e7\u00e3o de cr\u00e9dito<\/a><br> dos projectos utilizados para calcular as nota\u00e7\u00f5es. Se o c\u00e1lculo se basear em contas que n\u00e3o tenham sido objeto de auditoria, este facto deve ser claramente indicado na descri\u00e7\u00e3o do m\u00e9todo. <\/p>\n\n\n\n<h2 class=\"wp-block-heading\" style=\"font-size:24px\">Monitoriza\u00e7\u00e3o<\/h2>\n\n\n\n<p>O promotor ter\u00e1 de justificar a utiliza\u00e7\u00e3o dos fundos em cada uma das candidaturas. A utiliza\u00e7\u00e3o dos fundos pelo promotor ser\u00e1 monitorizada por uma empresa externa \u00e0 wecity.   <\/p>\n\n\n\n<p><\/p>\n","protected":false},"featured_media":23789,"template":"","class_list":["post-23879","oportunidades","type-oportunidades","status-publish","has-post-thumbnail","hentry"],"acf":[],"_links":{"self":[{"href":"https:\/\/www.wecity.com\/pt-pt\/wp-json\/wp\/v2\/oportunidades\/23879","targetHints":{"allow":["GET"]}}],"collection":[{"href":"https:\/\/www.wecity.com\/pt-pt\/wp-json\/wp\/v2\/oportunidades"}],"about":[{"href":"https:\/\/www.wecity.com\/pt-pt\/wp-json\/wp\/v2\/types\/oportunidades"}],"wp:featuredmedia":[{"embeddable":true,"href":"https:\/\/www.wecity.com\/pt-pt\/wp-json\/wp\/v2\/media\/23789"}],"wp:attachment":[{"href":"https:\/\/www.wecity.com\/pt-pt\/wp-json\/wp\/v2\/media?parent=23879"}],"curies":[{"name":"wp","href":"https:\/\/api.w.org\/{rel}","templated":true}]}}

Málaga &#8211; El Limonar

<p>A WECITY cumpre as disposições do Regulamento (UE) 2020/1503 do Parlamento Europeu e do Conselho, de 7 de outubro de 2020, relativo aos prestadores europeus de serviços de financiamento das empresas através de capitais próprios, e do Título V da Lei 5/2015, relativa à promoção do financiamento das empresas, alterada pela Lei 18/2022, de 28 de setembro, relativa à criação e crescimento de empresas. Está autorizado pela <strong>CNMV</strong> como Prestador de Serviços de Financiamento Participativo, registado sob o número 9, com uma proposta favorável do <strong>Banco de Espanha</strong>. </p>



<p>Investidor, antes de fazeres o teu investimento, lê as <a href="https://www.wecity.com/pt-pt/informacao-investidor/" target="_blank" rel="noreferrer noopener">informações básicas para o cliente investidor</a>, bem como o <a href="https://www.wecity.com/pt-pt/informacao-investidor/#periodo_reflexi%C3%B3n">período de reflexão pré-contratual para investidores inexperientes </a>.  </p>



<p><strong>Tens a pele no jogo</strong>:  <em>&#8220;Em conformidade com o artigo 8.º, n.º 2, do Regulamento (UE) 2020/1503 do Parlamento Europeu e do Conselho, de 7 de outubro de 2020, relativo aos prestadores europeus de serviços de financiamento em capital próprio, informamos que <a href="https://www.wecity.com/pt-pt/equipo/" target="_blank" rel="noreferrer noopener">os parceiros, gestores e funcionários da wecity</a> podem investir nesta oportunidade. Estes investimentos serão efectuados nos mesmos termos e condições que os outros investidores, sem tratamento preferencial ou acesso privilegiado à informação&#8221;. </em></p>



<h2 class="wp-block-heading">O investimento</h2>



<div class="wp-block-group is-style-border-radius has-background" style="background-color:#f5f7f6"><div class="wp-block-group__inner-container is-layout-constrained wp-block-group-is-layout-constrained">
<ul class="wp-block-list">
<li><strong>Objetivo do empréstimo:</strong> Aquisição.</li>



<li><strong>Segurança:</strong> hipoteca de<sup>1º </sup>grau.</li>



<li><strong>Prazo:</strong> 12 meses (+6 meses de prorrogação possível)</li>



<li><strong>Obrigatório: </strong>6 meses.</li>



<li><strong>Taxa de juro:</strong> 11% p.a.</li>



<li><strong>Rendimento total estimado:</strong> 11%</li>



<li><strong>Pagamentos de juros:</strong> no vencimento.</li>



<li><strong>Avaliação ECO atual: </strong>1.746.668,67 €  <strong>| LTV atual: </strong>48,66%</li>



<li><strong>Rating:</strong> <a href="https://www.wecity.com/pt-pt/modelo-de-avaliacao-de-riscos/">A</a></li>



<li><strong>Contribui:</strong><ul><li><strong>Contribuição do promotor:</strong> 360.936,15 €</li></ul>
<ul class="wp-block-list">
<li><strong>Empréstimo wecity:</strong> 850.000,00 €</li>
</ul>
</li>



<li><strong>Investimento mínimo:</strong> 250 €</li>



<li><strong>Investimento máximo:</strong> 250 € para a primeira meia hora.</li>
</ul>
</div></div>



<p>O promotor <strong>HIMAR LIVING SL, </strong>empresa gerida pela HL Management,<strong> </strong>solicita financiamento através da <strong>wecity</strong> para a aquisição de um terreno situado na Calle Fuente de la Manía, 8, na cidade de Málaga.</p>



<p>O terreno tem uma superfície de 753m<sup>2 </sup>uma área edificável de 2.249 m<sup>2</sup>, onde se pretende desenvolver um edifício de 19 fogos com 19 lugares de estacionamento.</p>



<p>A nível urbanístico, o promotor ainda não solicitou a licença de construção; a comercialização terá início após a formalização da aquisição do bem.</p>



<p>O montante total do empréstimo ascende a 850 000 €, contará com <strong>garantia hipotecária de 1.º grau</strong>sobre o ativo e, além disso, será <strong>penhorada a conta na qual a AEAT (Agência Tributária Espanhola) devolverá o IVA da aquisição.</strong> O empréstimo será integralmente destinado à aquisição do terreno.</p>



<p>O promotor fornecerá um <strong>capital próprio</strong> de <span style="font-weight: 600; font-size: revert; color: initial; font-family: -apple-system, BlinkMacSystemFont, &quot;Segoe UI&quot;, Roboto, Oxygen-Sans, Ubuntu, Cantarell, &quot;Helvetica Neue&quot;, sans-serif;">360.936,15 €</span> no momento da assinatura<strong>,</strong> que será utilizado para a aquisição.</p>



<p>Prevê-se a saída dos investidores <strong>da wecity</strong> com a entrada de financiamento bancário.</p>



<p>Através do wecity, podes participar numa operação <strong>de empréstimo a taxa fixa</strong> com <strong>uma taxa de juro anual de 11% para um prazo estimado de 12 meses</strong> (6 meses obrigatórios) com possibilidade de prorrogação por mais 6 meses<strong> </strong>.</p>



<p>Os pagamentos de juros e o reembolso do capital investido serão efectuados<strong> na data de vencimento</strong>.</p>



<h2 class="wp-block-heading">Localização e ambiente</h2>



<iframe src="https://www.google.com/maps/embed?pb=!1m18!1m12!1m3!1d6395.563380259114!2d-4.410809024013288!3d36.72780397177698!2m3!1f0!2f0!3f0!3m2!1i1024!2i768!4f13.1!3m3!1m2!1s0xd72f7c4abfe7b67%3A0x1889954db231789d!2sC.%20Fuente%20de%20la%20Man%C3%ADa%2C%208%2C%20Distrito%20Centro%2C%2029012%20M%C3%A1laga!5e0!3m2!1ses!2ses!4v1770107859641!5m2!1ses!2ses" width="800" height="600" style="border:0;" allowfullscreen="" loading="lazy" referrerpolicy="no-referrer-when-downgrade"></iframe>



<p>A Calle <strong>Fuente de la Manía 8</strong> situa-se numa zona residencial do <strong>bairro Centro</strong>, nas imediações de <strong>Conde de Ureña / La Victoria</strong>, com um perfil tranquilo e consolidado, típico das colinas próximas de Gibralfaro: ruas com pouco trânsito, habitação urbana e um ambiente de bairro, mas com o Centro Histórico a um pulo para o dia a dia.</p>



<p>O <strong>Santuário de la Victoria</strong> e as <strong>vistas e passeios para Gibralfaro</strong>, bem como a rota e os enclaves do <strong>Barrio de la Victoria,</strong> destacam-se como pontos de interesse e de vida nos arredores.</p>



<h2 class="wp-block-heading">Garantia hipotecária</h2>



<p>O empréstimo será garantido por uma hipoteca de<sup>1º</sup> grau sobre o ativo, situado na Calle Fuente de la Manía 8 (Málaga).</p>



<p>De acordo com o relatório de avaliação efectuado pela <strong><strong><strong>Euroval</strong></strong></strong>a avaliação atual ascende a 1.746.668,67 euros. O empréstimo a conceder ao promotor é de <span style="font-size: revert; color: initial; font-family: -apple-system, BlinkMacSystemFont, " segoe="" ui="" roboto="" oxygen-sans="" ubuntu="" cantarell="" neue="" sans-serif="">€850.000,00</span>, o que significa um Loan to Value (LTV) sobre a avaliação atual de 48,66%. </p>



<h2 class="wp-block-heading">Agente de garantia</h2>



<p>A criação, a manutenção, a gestão, a administração e, se for caso disso, a execução do penhor em nome dos investidores da wecity serão efectuadas por uma entidade externa.</p>



<p>Neste caso, o agente de garantia nomeado será o indicado no contrato de empréstimo.  </p>



<h2 class="wp-block-heading" style="font-size:24px">Classificação</h2>



<p>A wecity, enquanto prestadora de serviços de financiamento colaborativo e em conformidade com o Regulamento Delegado (UE) 2024/358 que complementa o Regulamento (UE) 2020/1503 do Parlamento Europeu e do Conselho, fornece uma <a href="https://www.wecity.com/pt-pt/modelo-de-avaliacao-de-riscos/" target="_blank" rel="noreferrer noopener">descrição do método de notação de crédito</a><br> dos projectos utilizados para calcular as notações. Se o cálculo se basear em contas que não tenham sido objeto de auditoria, este facto deve ser claramente indicado na descrição do método. </p>



<h2 class="wp-block-heading" style="font-size:24px">Monitorização</h2>



<p>O promotor terá de justificar a utilização dos fundos em cada uma das candidaturas. A utilização dos fundos pelo promotor será monitorizada por uma empresa externa à wecity.   </p>



<p></p>
