{"id":24726,"date":"2026-03-26T13:47:03","date_gmt":"2026-03-26T12:47:03","guid":{"rendered":"https:\/\/www.wecity.com\/oportunidades\/palazzo-di-giustizia-di-lisbona\/"},"modified":"2026-03-30T09:28:54","modified_gmt":"2026-03-30T07:28:54","slug":"palazzo-di-giustizia-di-lisbona","status":"publish","type":"oportunidades","link":"https:\/\/www.wecity.com\/it\/oportunidades\/palazzo-di-giustizia-di-lisbona\/","title":{"rendered":"Lisbona Palazzo di Giustizia"},"content":{"rendered":"\n<p>WECITY \u00e8 conforme alle disposizioni del Regolamento (UE) 2020\/1503 del Parlamento europeo e del Consiglio, del 7 ottobre 2020, relativo ai prestatori europei di servizi di finanziamento azionario alle imprese e al Titolo V della Legge 5\/2015 sulla promozione dei finanziamenti alle imprese, modificata dalla Legge 18\/2022 del 28 settembre sulla creazione e la crescita delle imprese. \u00c8 autorizzata dalla <strong>CNMV<\/strong> come Prestatore di Servizi di Finanziamento Partecipativo, registrata con il numero 9, con proposta favorevole della <strong>Banca di Spagna<\/strong>. <\/p>\n\n\n\n<p>Investitore, prima di effettuare il tuo investimento, leggi le <a href=\"https:\/\/www.wecity.com\/it\/informazioni-per-gli-investitori\/\" target=\"_blank\" rel=\"noreferrer noopener\">informazioni di base per il cliente investitore<\/a> e il <a href=\"https:\/\/www.wecity.com\/it\/informazioni-per-gli-investitori\/#periodo_reflexi%C3%B3n\">periodo di riflessione precontrattuale per gli investitori inesperti <\/a>.  <\/p>\n\n\n\n<p><strong>La pelle del gioco<\/strong>:  <em>&#8220;In conformit\u00e0 con l&#8217;articolo 8.2 del Regolamento (UE) 2020\/1503 del Parlamento europeo e del Consiglio del 7 ottobre 2020 relativo ai fornitori europei di finanziamenti azionari, ti informiamo che i <a href=\"https:\/\/www.wecity.com\/it\/team\/\" target=\"_blank\" rel=\"noreferrer noopener\">partner, i manager e i dipendenti di wecity<\/a> possono investire in questa opportunit\u00e0. Tali investimenti saranno effettuati agli stessi termini e condizioni degli altri investitori, senza trattamento preferenziale o accesso privilegiato alle informazioni&#8221;. <\/em><\/p>\n\n\n\n<h2 class=\"wp-block-heading\">L&#8217;investimento<\/h2>\n\n\n\n<div class=\"wp-block-group is-style-border-radius has-background\" style=\"background-color:#f5f7f6\"><div class=\"wp-block-group__inner-container is-layout-constrained wp-block-group-is-layout-constrained\">\n<ul class=\"wp-block-list\">\n<li><strong>Scopo del prestito:<\/strong> Terreno.<\/li>\n\n\n\n<li><strong>Sicurezza:<\/strong> ipoteca<sup>di 1\u00b0 <\/sup>grado.<\/li>\n\n\n\n<li><strong>Scadenza:<\/strong> 9 mesi (+3 mesi di possibile estensione)<\/li>\n\n\n\n<li><strong>Obbligatorio: <\/strong>6 mesi.<\/li>\n\n\n\n<li><strong>Tasso di interesse:<\/strong> 12% annuo.<\/li>\n\n\n\n<li><strong>Rendimento totale stimato:<\/strong> 9<\/li>\n\n\n\n<li><strong>Pagamenti degli interessi:<\/strong> alla scadenza.<\/li>\n\n\n\n<li><strong>Valutazione attuale (RICS):<\/strong> 3.828.000 \u20ac<\/li>\n\n\n\n<li><strong>Valutazione ECO HET: <\/strong>10.469.000 \u20ac <strong>| LTV HET: <\/strong>15,76%<\/li>\n\n\n\n<li><strong>LTV 1\u00b0 Disp: <\/strong>35,68%<\/li>\n\n\n\n<li><strong>Aportaciones:<\/strong><ul><li><strong>Aportaci\u00f3n promotor:<\/strong> 635.000 \u20ac&nbsp;<\/li><\/ul>\n<ul class=\"wp-block-list\">\n<li><strong>Prestito wecity:<\/strong> 1.650.000 \u20ac<\/li>\n<\/ul>\n<\/li>\n\n\n\n<li><strong>Investimento minimo:<\/strong> 500 \u20ac<\/li>\n<\/ul>\n<\/div><\/div>\n\n\n\n<p>Il promotore <strong>Legera <\/strong>(attraverso la societ\u00e0 MERIDIAN DIVERSITY LDA) sta richiedendo un <strong>finanziamento <\/strong>a<strong> <\/strong>per l&#8217;<strong> acquisto di un terreno <\/strong>per la costruzione di un edificio di tre piani con 15 appartamenti a <strong>Lisbona<\/strong> (Rua Cal\u00e7ada dos Mestres, 112).<\/p>\n\n\n\n<p><strong>Il terreno ha una superficie di 1.391 m<\/strong><strong><sup>2<\/sup><\/strong> e un&#8217;area edificabile di 2.912<sup>m2<\/sup>, dove \u00e8 previsto lo sviluppo di un edificio di 3 piani con 15 appartamenti e locali con parcheggi e magazzini. La <strong>concessione edilizia<\/strong> \u00e8 <strong>in attesa di approvazione<\/strong>.   <\/p>\n\n\n\n<p>A livello commerciale, la commercializzazione non \u00e8 iniziata 0% (0 su 15).<\/p>\n\n\n\n<p>Il promotore richiede a <strong>wecity<\/strong> un <strong>prestito a tasso fisso di 1.650.000\u20ac <\/strong>per coprire parte dell&#8217;acquisto del terreno, il cui costo di acquisizione \u00e8 di 2.000.000\u20ac. <strong>Il prestito sar\u00e0 garantito da un&#8217;ipoteca<sup>di 1\u00b0 grado<\/sup>sul bene<\/strong> e avr\u00e0 una <strong>durata di 9 mesi <\/strong>(+3 mesi di possibile estensione). Il prestito verr\u00e0 utilizzato interamente per l&#8217;acquisto del terreno. <\/p>\n\n\n\n<p>L<strong>&#8216;uscita degli investitori<\/strong> <strong>di wecity<\/strong> avverr\u00e0 attraverso il capitale dello sviluppatore da altri progetti in corso.<\/p>\n\n\n\n<p>Il pagamento degli interessi e il rimborso del capitale investito avverranno<strong> alla scadenza<\/strong>.<\/p>\n\n\n\n<h2 class=\"wp-block-heading\">AInvest<\/h2>\n\n\n\n<p>AInvest non \u00e8 applicabile in questo momento.  <\/p>\n\n\n\n<h2 class=\"wp-block-heading\">Il progetto<\/h2>\n\n\n\n<figure class=\"wp-block-image size-large is-resized\"><img decoding=\"async\" width=\"1024\" height=\"606\" src=\"https:\/\/www.wecity.com\/wp-content\/uploads\/2026\/03\/wecity_imag_inversion_Lisboa-Palacio-de-Justicia_01-4-1024x606.jpg\" alt=\"\" class=\"wp-image-24768\" style=\"aspect-ratio:1.6890042580321971;width:1025px;height:auto\" srcset=\"https:\/\/www.wecity.com\/wp-content\/uploads\/2026\/03\/wecity_imag_inversion_Lisboa-Palacio-de-Justicia_01-4-1024x606.jpg 1024w, https:\/\/www.wecity.com\/wp-content\/uploads\/2026\/03\/wecity_imag_inversion_Lisboa-Palacio-de-Justicia_01-4-300x178.jpg 300w, https:\/\/www.wecity.com\/wp-content\/uploads\/2026\/03\/wecity_imag_inversion_Lisboa-Palacio-de-Justicia_01-4-768x455.jpg 768w, https:\/\/www.wecity.com\/wp-content\/uploads\/2026\/03\/wecity_imag_inversion_Lisboa-Palacio-de-Justicia_01-4-1536x909.jpg 1536w, https:\/\/www.wecity.com\/wp-content\/uploads\/2026\/03\/wecity_imag_inversion_Lisboa-Palacio-de-Justicia_01-4.jpg 1716w\" sizes=\"(max-width: 1024px) 100vw, 1024px\" \/><\/figure>\n\n\n\n<figure class=\"wp-block-image size-large is-resized\"><img decoding=\"async\" width=\"1024\" height=\"606\" src=\"https:\/\/www.wecity.com\/wp-content\/uploads\/2026\/03\/wecity_imag_inversion_Lisboa-Palacio-de-Justicia_02-1024x606.jpg\" alt=\"\" class=\"wp-image-24698\" style=\"aspect-ratio:1.6889885861318203;width:1025px;height:auto\" srcset=\"https:\/\/www.wecity.com\/wp-content\/uploads\/2026\/03\/wecity_imag_inversion_Lisboa-Palacio-de-Justicia_02-1024x606.jpg 1024w, https:\/\/www.wecity.com\/wp-content\/uploads\/2026\/03\/wecity_imag_inversion_Lisboa-Palacio-de-Justicia_02-300x178.jpg 300w, https:\/\/www.wecity.com\/wp-content\/uploads\/2026\/03\/wecity_imag_inversion_Lisboa-Palacio-de-Justicia_02-768x455.jpg 768w, https:\/\/www.wecity.com\/wp-content\/uploads\/2026\/03\/wecity_imag_inversion_Lisboa-Palacio-de-Justicia_02-1536x909.jpg 1536w, https:\/\/www.wecity.com\/wp-content\/uploads\/2026\/03\/wecity_imag_inversion_Lisboa-Palacio-de-Justicia_02.jpg 1716w\" sizes=\"(max-width: 1024px) 100vw, 1024px\" \/><\/figure>\n\n\n\n<figure class=\"wp-block-image size-large is-resized\"><img decoding=\"async\" width=\"1024\" height=\"606\" src=\"https:\/\/www.wecity.com\/wp-content\/uploads\/2026\/03\/wecity_imag_inversion_Lisboa-Palacio-de-Justicia_03-4-1024x606.jpg\" alt=\"\" class=\"wp-image-24773\" style=\"aspect-ratio:1.6889885861318203;width:1025px;height:auto\" srcset=\"https:\/\/www.wecity.com\/wp-content\/uploads\/2026\/03\/wecity_imag_inversion_Lisboa-Palacio-de-Justicia_03-4-1024x606.jpg 1024w, https:\/\/www.wecity.com\/wp-content\/uploads\/2026\/03\/wecity_imag_inversion_Lisboa-Palacio-de-Justicia_03-4-300x178.jpg 300w, https:\/\/www.wecity.com\/wp-content\/uploads\/2026\/03\/wecity_imag_inversion_Lisboa-Palacio-de-Justicia_03-4-768x455.jpg 768w, https:\/\/www.wecity.com\/wp-content\/uploads\/2026\/03\/wecity_imag_inversion_Lisboa-Palacio-de-Justicia_03-4-1536x909.jpg 1536w, https:\/\/www.wecity.com\/wp-content\/uploads\/2026\/03\/wecity_imag_inversion_Lisboa-Palacio-de-Justicia_03-4.jpg 1716w\" sizes=\"(max-width: 1024px) 100vw, 1024px\" \/><\/figure>\n\n\n\n<h2 class=\"wp-block-heading\">Posizione e ambiente<\/h2>\n\n\n\n<iframe src=\"https:\/\/www.google.com\/maps\/embed?pb=!1m17!1m12!1m3!1d3112.484971045343!2d-9.165828000000001!3d38.729632!2m3!1f0!2f0!3f0!3m2!1i1024!2i768!4f13.1!3m2!1m1!2zMzjCsDQzJzQ2LjciTiA5wrAwOSc1Ny4wIlc!5e0!3m2!1ses!2ses!4v1774541685462!5m2!1ses!2ses\" width=\"800\" height=\"600\" style=\"border:0;\" allowfullscreen=\"\" loading=\"lazy\" referrerpolicy=\"no-referrer-when-downgrade\"><\/iframe>\n\n\n\n<p>Questo progetto si trova in una zona residenziale del quartiere Campolide di <strong>Lisbona<\/strong>. Si tratta di una zona tranquilla, con edifici residenziali, lontana dal trambusto turistico del centro ma ben collegata. \u00c8 dominata da condomini e da alcune case tradizionali, con un&#8217;atmosfera locale e quotidiana. \u00c8 relativamente vicino agli assi principali della citt\u00e0, il che facilita l&#8217;accesso alle altre zone.   <\/p>\n\n\n\n<p>Nei dintorni ci sono diversi punti di interesse. A pochi minuti di distanza si trova il Parque Florestal de Monsanto, un&#8217;ampia area verde ideale per passeggiare o fare sport. C&#8217;\u00e8 anche l&#8217;Aqueduto das \u00c1guas Livres, un eccezionale edificio storico. Non lontano si trovano il Centro Commerciale Amoreiras e il belvedere Miradouro do Parque Eduardo VII, con una bella vista sulla citt\u00e0.   <\/p>\n\n\n\n<h2 class=\"wp-block-heading\">Garanzia ipotecaria<\/h2>\n\n\n\n<p>Il prestito sar\u00e0 garantito da un&#8217;ipoteca<sup>di primo grado<\/sup> sul bene, situato in Rua Cal\u00e7ada dos Mestres, 112<strong>(Lisbona<\/strong>).<\/p>\n\n\n\n<p>Secondo la relazione di valutazione effettuata da <strong>pvwtinsa<\/strong>, la Valutazione Attuale ammonta a 3.828.000\u20ac e la Valutazione Ipotetica di Edificio Completato (HET) a 10.469.000\u20ac. Il prestito da concedere al costruttore in questa fase \u00e8 di 1.650.000 euro, il che significa un Loan to Value (LTV) del 43,10% e un Loan to Value (LTV) HET del 15,76% e un Loan to Value (LTV) al primo utilizzo del 43,10%.<\/p>\n\n\n\n<h2 class=\"wp-block-heading\">Agente collaterale<\/h2>\n\n\n\n<p>La creazione, la manutenzione, la gestione, l&#8217;amministrazione e, se del caso, l&#8217;esecuzione del pegno per conto degli investitori di wecity saranno eseguite da un&#8217;entit\u00e0 esterna.<\/p>\n\n\n\n<p>In questo caso, l&#8217;Agente di garanzia nominato sar\u00e0 quello indicato nel contratto di prestito.  <\/p>\n\n\n\n<div style=\"height:16px\" aria-hidden=\"true\" class=\"wp-block-spacer\"><\/div>\n\n\n\n<h2 class=\"wp-block-heading\" style=\"font-size:24px\">Valutazione<\/h2>\n\n\n\n<p>wecity, in qualit\u00e0 di fornitore di servizi di crowdfunding e in conformit\u00e0 al Regolamento delegato (UE) 2024\/358 che integra il Regolamento (UE) 2020\/1503 del Parlamento europeo e del Consiglio, fornisce una <a href=\"https:\/\/www.wecity.com\/que-modelo-de-riesgo-sigue-wecity-en-sus-proyectos-de-inversion\/\" target=\"_blank\" rel=\"noreferrer noopener\">descrizione del metodo di rating<\/a><br> dei progetti utilizzati per calcolare i rating. Se il calcolo si basa su conti che non sono stati sottoposti a revisione, ci\u00f2 deve essere chiaramente indicato nella descrizione del metodo. <\/p>\n\n\n\n<h2 class=\"wp-block-heading\" style=\"font-size:24px\">Monitoraggio<\/h2>\n\n\n\n<p>Il promotore dovr\u00e0 giustificare l&#8217;utilizzo dei fondi in ciascuna delle richieste. L&#8217;utilizzo dei fondi da parte del promotore sar\u00e0 monitorato da una societ\u00e0 esterna a wecity.   <\/p>\n","protected":false},"featured_media":24667,"template":"","class_list":["post-24726","oportunidades","type-oportunidades","status-publish","has-post-thumbnail","hentry"],"acf":[],"_links":{"self":[{"href":"https:\/\/www.wecity.com\/it\/wp-json\/wp\/v2\/oportunidades\/24726","targetHints":{"allow":["GET"]}}],"collection":[{"href":"https:\/\/www.wecity.com\/it\/wp-json\/wp\/v2\/oportunidades"}],"about":[{"href":"https:\/\/www.wecity.com\/it\/wp-json\/wp\/v2\/types\/oportunidades"}],"wp:featuredmedia":[{"embeddable":true,"href":"https:\/\/www.wecity.com\/it\/wp-json\/wp\/v2\/media\/24667"}],"wp:attachment":[{"href":"https:\/\/www.wecity.com\/it\/wp-json\/wp\/v2\/media?parent=24726"}],"curies":[{"name":"wp","href":"https:\/\/api.w.org\/{rel}","templated":true}]}}

<p>WECITY è conforme alle disposizioni del Regolamento (UE) 2020/1503 del Parlamento europeo e del Consiglio, del 7 ottobre 2020, relativo ai prestatori europei di servizi di finanziamento azionario alle imprese e al Titolo V della Legge 5/2015 sulla promozione dei finanziamenti alle imprese, modificata dalla Legge 18/2022 del 28 settembre sulla creazione e la crescita delle imprese. È autorizzata dalla <strong>CNMV</strong> come Prestatore di Servizi di Finanziamento Partecipativo, registrata con il numero 9, con proposta favorevole della <strong>Banca di Spagna</strong>. </p>



<p>Investitore, prima di effettuare il tuo investimento, leggi le <a href="https://www.wecity.com/it/informazioni-per-gli-investitori/" target="_blank" rel="noreferrer noopener">informazioni di base per il cliente investitore</a> e il <a href="https://www.wecity.com/it/informazioni-per-gli-investitori/#periodo_reflexi%C3%B3n">periodo di riflessione precontrattuale per gli investitori inesperti </a>.  </p>



<p><strong>La pelle del gioco</strong>:  <em>&#8220;In conformità con l&#8217;articolo 8.2 del Regolamento (UE) 2020/1503 del Parlamento europeo e del Consiglio del 7 ottobre 2020 relativo ai fornitori europei di finanziamenti azionari, ti informiamo che i <a href="https://www.wecity.com/it/team/" target="_blank" rel="noreferrer noopener">partner, i manager e i dipendenti di wecity</a> possono investire in questa opportunità. Tali investimenti saranno effettuati agli stessi termini e condizioni degli altri investitori, senza trattamento preferenziale o accesso privilegiato alle informazioni&#8221;. </em></p>



<h2 class="wp-block-heading">L&#8217;investimento</h2>



<div class="wp-block-group is-style-border-radius has-background" style="background-color:#f5f7f6"><div class="wp-block-group__inner-container is-layout-constrained wp-block-group-is-layout-constrained">
<ul class="wp-block-list">
<li><strong>Scopo del prestito:</strong> Terreno.</li>



<li><strong>Sicurezza:</strong> ipoteca<sup>di 1° </sup>grado.</li>



<li><strong>Scadenza:</strong> 9 mesi (+3 mesi di possibile estensione)</li>



<li><strong>Obbligatorio: </strong>6 mesi.</li>



<li><strong>Tasso di interesse:</strong> 12% annuo.</li>



<li><strong>Rendimento totale stimato:</strong> 9</li>



<li><strong>Pagamenti degli interessi:</strong> alla scadenza.</li>



<li><strong>Valutazione attuale (RICS):</strong> 3.828.000 €</li>



<li><strong>Valutazione ECO HET: </strong>10.469.000 € <strong>| LTV HET: </strong>15,76%</li>



<li><strong>LTV 1° Disp: </strong>35,68%</li>



<li><strong>Aportaciones:</strong><ul><li><strong>Aportación promotor:</strong> 635.000 €&nbsp;</li></ul>
<ul class="wp-block-list">
<li><strong>Prestito wecity:</strong> 1.650.000 €</li>
</ul>
</li>



<li><strong>Investimento minimo:</strong> 500 €</li>
</ul>
</div></div>



<p>Il promotore <strong>Legera </strong>(attraverso la società MERIDIAN DIVERSITY LDA) sta richiedendo un <strong>finanziamento </strong>a<strong> </strong>per l&#8217;<strong> acquisto di un terreno </strong>per la costruzione di un edificio di tre piani con 15 appartamenti a <strong>Lisbona</strong> (Rua Calçada dos Mestres, 112).</p>



<p><strong>Il terreno ha una superficie di 1.391 m</strong><strong><sup>2</sup></strong> e un&#8217;area edificabile di 2.912<sup>m2</sup>, dove è previsto lo sviluppo di un edificio di 3 piani con 15 appartamenti e locali con parcheggi e magazzini. La <strong>concessione edilizia</strong> è <strong>in attesa di approvazione</strong>.   </p>



<p>A livello commerciale, la commercializzazione non è iniziata 0% (0 su 15).</p>



<p>Il promotore richiede a <strong>wecity</strong> un <strong>prestito a tasso fisso di 1.650.000€ </strong>per coprire parte dell&#8217;acquisto del terreno, il cui costo di acquisizione è di 2.000.000€. <strong>Il prestito sarà garantito da un&#8217;ipoteca<sup>di 1° grado</sup>sul bene</strong> e avrà una <strong>durata di 9 mesi </strong>(+3 mesi di possibile estensione). Il prestito verrà utilizzato interamente per l&#8217;acquisto del terreno. </p>



<p>L<strong>&#8216;uscita degli investitori</strong> <strong>di wecity</strong> avverrà attraverso il capitale dello sviluppatore da altri progetti in corso.</p>



<p>Il pagamento degli interessi e il rimborso del capitale investito avverranno<strong> alla scadenza</strong>.</p>



<h2 class="wp-block-heading">AInvest</h2>



<p>AInvest non è applicabile in questo momento.  </p>



<h2 class="wp-block-heading">Il progetto</h2>



<figure class="wp-block-image size-large is-resized"><img decoding="async" width="1024" height="606" src="https://www.wecity.com/wp-content/uploads/2026/03/wecity_imag_inversion_Lisboa-Palacio-de-Justicia_01-4-1024x606.jpg" alt="" class="wp-image-24768" style="aspect-ratio:1.6890042580321971;width:1025px;height:auto" srcset="https://www.wecity.com/wp-content/uploads/2026/03/wecity_imag_inversion_Lisboa-Palacio-de-Justicia_01-4-1024x606.jpg 1024w, https://www.wecity.com/wp-content/uploads/2026/03/wecity_imag_inversion_Lisboa-Palacio-de-Justicia_01-4-300x178.jpg 300w, https://www.wecity.com/wp-content/uploads/2026/03/wecity_imag_inversion_Lisboa-Palacio-de-Justicia_01-4-768x455.jpg 768w, https://www.wecity.com/wp-content/uploads/2026/03/wecity_imag_inversion_Lisboa-Palacio-de-Justicia_01-4-1536x909.jpg 1536w, https://www.wecity.com/wp-content/uploads/2026/03/wecity_imag_inversion_Lisboa-Palacio-de-Justicia_01-4.jpg 1716w" sizes="(max-width: 1024px) 100vw, 1024px" /></figure>



<figure class="wp-block-image size-large is-resized"><img decoding="async" width="1024" height="606" src="https://www.wecity.com/wp-content/uploads/2026/03/wecity_imag_inversion_Lisboa-Palacio-de-Justicia_02-1024x606.jpg" alt="" class="wp-image-24698" style="aspect-ratio:1.6889885861318203;width:1025px;height:auto" srcset="https://www.wecity.com/wp-content/uploads/2026/03/wecity_imag_inversion_Lisboa-Palacio-de-Justicia_02-1024x606.jpg 1024w, https://www.wecity.com/wp-content/uploads/2026/03/wecity_imag_inversion_Lisboa-Palacio-de-Justicia_02-300x178.jpg 300w, https://www.wecity.com/wp-content/uploads/2026/03/wecity_imag_inversion_Lisboa-Palacio-de-Justicia_02-768x455.jpg 768w, https://www.wecity.com/wp-content/uploads/2026/03/wecity_imag_inversion_Lisboa-Palacio-de-Justicia_02-1536x909.jpg 1536w, https://www.wecity.com/wp-content/uploads/2026/03/wecity_imag_inversion_Lisboa-Palacio-de-Justicia_02.jpg 1716w" sizes="(max-width: 1024px) 100vw, 1024px" /></figure>



<figure class="wp-block-image size-large is-resized"><img decoding="async" width="1024" height="606" src="https://www.wecity.com/wp-content/uploads/2026/03/wecity_imag_inversion_Lisboa-Palacio-de-Justicia_03-4-1024x606.jpg" alt="" class="wp-image-24773" style="aspect-ratio:1.6889885861318203;width:1025px;height:auto" srcset="https://www.wecity.com/wp-content/uploads/2026/03/wecity_imag_inversion_Lisboa-Palacio-de-Justicia_03-4-1024x606.jpg 1024w, https://www.wecity.com/wp-content/uploads/2026/03/wecity_imag_inversion_Lisboa-Palacio-de-Justicia_03-4-300x178.jpg 300w, https://www.wecity.com/wp-content/uploads/2026/03/wecity_imag_inversion_Lisboa-Palacio-de-Justicia_03-4-768x455.jpg 768w, https://www.wecity.com/wp-content/uploads/2026/03/wecity_imag_inversion_Lisboa-Palacio-de-Justicia_03-4-1536x909.jpg 1536w, https://www.wecity.com/wp-content/uploads/2026/03/wecity_imag_inversion_Lisboa-Palacio-de-Justicia_03-4.jpg 1716w" sizes="(max-width: 1024px) 100vw, 1024px" /></figure>



<h2 class="wp-block-heading">Posizione e ambiente</h2>



<iframe src="https://www.google.com/maps/embed?pb=!1m17!1m12!1m3!1d3112.484971045343!2d-9.165828000000001!3d38.729632!2m3!1f0!2f0!3f0!3m2!1i1024!2i768!4f13.1!3m2!1m1!2zMzjCsDQzJzQ2LjciTiA5wrAwOSc1Ny4wIlc!5e0!3m2!1ses!2ses!4v1774541685462!5m2!1ses!2ses" width="800" height="600" style="border:0;" allowfullscreen="" loading="lazy" referrerpolicy="no-referrer-when-downgrade"></iframe>



<p>Questo progetto si trova in una zona residenziale del quartiere Campolide di <strong>Lisbona</strong>. Si tratta di una zona tranquilla, con edifici residenziali, lontana dal trambusto turistico del centro ma ben collegata. È dominata da condomini e da alcune case tradizionali, con un&#8217;atmosfera locale e quotidiana. È relativamente vicino agli assi principali della città, il che facilita l&#8217;accesso alle altre zone.   </p>



<p>Nei dintorni ci sono diversi punti di interesse. A pochi minuti di distanza si trova il Parque Florestal de Monsanto, un&#8217;ampia area verde ideale per passeggiare o fare sport. C&#8217;è anche l&#8217;Aqueduto das Águas Livres, un eccezionale edificio storico. Non lontano si trovano il Centro Commerciale Amoreiras e il belvedere Miradouro do Parque Eduardo VII, con una bella vista sulla città.   </p>



<h2 class="wp-block-heading">Garanzia ipotecaria</h2>



<p>Il prestito sarà garantito da un&#8217;ipoteca<sup>di primo grado</sup> sul bene, situato in Rua Calçada dos Mestres, 112<strong>(Lisbona</strong>).</p>



<p>Secondo la relazione di valutazione effettuata da <strong>pvwtinsa</strong>, la Valutazione Attuale ammonta a 3.828.000€ e la Valutazione Ipotetica di Edificio Completato (HET) a 10.469.000€. Il prestito da concedere al costruttore in questa fase è di 1.650.000 euro, il che significa un Loan to Value (LTV) del 43,10% e un Loan to Value (LTV) HET del 15,76% e un Loan to Value (LTV) al primo utilizzo del 43,10%.</p>



<h2 class="wp-block-heading">Agente collaterale</h2>



<p>La creazione, la manutenzione, la gestione, l&#8217;amministrazione e, se del caso, l&#8217;esecuzione del pegno per conto degli investitori di wecity saranno eseguite da un&#8217;entità esterna.</p>



<p>In questo caso, l&#8217;Agente di garanzia nominato sarà quello indicato nel contratto di prestito.  </p>



<div style="height:16px" aria-hidden="true" class="wp-block-spacer"></div>



<h2 class="wp-block-heading" style="font-size:24px">Valutazione</h2>



<p>wecity, in qualità di fornitore di servizi di crowdfunding e in conformità al Regolamento delegato (UE) 2024/358 che integra il Regolamento (UE) 2020/1503 del Parlamento europeo e del Consiglio, fornisce una <a href="https://www.wecity.com/que-modelo-de-riesgo-sigue-wecity-en-sus-proyectos-de-inversion/" target="_blank" rel="noreferrer noopener">descrizione del metodo di rating</a><br> dei progetti utilizzati per calcolare i rating. Se il calcolo si basa su conti che non sono stati sottoposti a revisione, ciò deve essere chiaramente indicato nella descrizione del metodo. </p>



<h2 class="wp-block-heading" style="font-size:24px">Monitoraggio</h2>



<p>Il promotore dovrà giustificare l&#8217;utilizzo dei fondi in ciascuna delle richieste. L&#8217;utilizzo dei fondi da parte del promotore sarà monitorato da una società esterna a wecity.   </p>
