{"id":24727,"date":"2026-03-26T13:47:03","date_gmt":"2026-03-26T12:47:03","guid":{"rendered":"https:\/\/www.wecity.com\/oportunidades\/palais-de-justice-de-lisbonne\/"},"modified":"2026-03-30T09:21:35","modified_gmt":"2026-03-30T07:21:35","slug":"palais-de-justice-de-lisbonne","status":"publish","type":"oportunidades","link":"https:\/\/www.wecity.com\/fr\/opportunites\/palais-de-justice-de-lisbonne\/","title":{"rendered":"Lisbonne Palais de justice"},"content":{"rendered":"\n<p>WECITY respecte les dispositions du r\u00e8glement (UE) 2020\/1503 du Parlement europ\u00e9en et du Conseil du 7 octobre 2020 relatif aux prestataires europ\u00e9ens de services de financement participatif aux entreprises et le titre V de la loi 5\/2015 relative \u00e0 la promotion du financement des entreprises, modifi\u00e9e par la loi 18\/2022 du 28 septembre relative \u00e0 la cr\u00e9ation et \u00e0 la croissance des entreprises. Il est autoris\u00e9 par la <strong>CNMV<\/strong> en tant que prestataire de services de financement participatif, enregistr\u00e9 sous le num\u00e9ro 9, avec une proposition favorable de la <strong>Banque d&rsquo;Espagne<\/strong>. <\/p>\n\n\n\n<p>Investisseur, avant d&rsquo;effectuer votre investissement, veuillez lire les <a href=\"https:\/\/www.wecity.com\/fr\/information-pour-linvestisseur\/\" target=\"_blank\" rel=\"noreferrer noopener\">informations de base pour le client investisseur<\/a>, ainsi que le <a href=\"https:\/\/www.wecity.com\/fr\/information-pour-linvestisseur\/#periodo_reflexi%C3%B3n\">d\u00e9lai de r\u00e9flexion pr\u00e9contractuel pour les investisseurs inexp\u00e9riment\u00e9s <\/a>.  <\/p>\n\n\n\n<p><strong>La peau du jeu<\/strong>:  <em>\u00a0\u00bb Conform\u00e9ment \u00e0 l&rsquo;article 8.2 du r\u00e8glement (UE) 2020\/1503 du Parlement europ\u00e9en et du Conseil du 7 octobre 2020 relatif aux apporteurs europ\u00e9ens de financement participatif, nous informons que les <a href=\"https:\/\/www.wecity.com\/fr\/equipo\/\" target=\"_blank\" rel=\"noreferrer noopener\">associ\u00e9s, dirigeants et salari\u00e9s de wecity<\/a> peuvent investir dans cette opportunit\u00e9. Ces investissements seront r\u00e9alis\u00e9s dans les m\u00eames conditions que les autres investisseurs, sans traitement pr\u00e9f\u00e9rentiel ni acc\u00e8s privil\u00e9gi\u00e9 \u00e0 l&rsquo;information. \u00a0\u00bb <\/em><\/p>\n\n\n\n<h2 class=\"wp-block-heading\">L&rsquo;investissement<\/h2>\n\n\n\n<div class=\"wp-block-group is-style-border-radius has-background\" style=\"background-color:#f5f7f6\"><div class=\"wp-block-group__inner-container is-layout-constrained wp-block-group-is-layout-constrained\">\n<ul class=\"wp-block-list\">\n<li><strong>Objet du pr\u00eat :<\/strong> Terrain.<\/li>\n\n\n\n<li><strong>S\u00fbret\u00e9 :<\/strong> hypoth\u00e8que au<sup>premier <\/sup>degr\u00e9.<\/li>\n\n\n\n<li><strong>D\u00e9lai :<\/strong> 9 mois (+3 mois de prolongation possible)<\/li>\n\n\n\n<li><strong>Obligatoire : <\/strong>6 mois.<\/li>\n\n\n\n<li><strong>Taux d&rsquo;int\u00e9r\u00eat :<\/strong> 12 % par an<\/li>\n\n\n\n<li><strong>Rendement total estim\u00e9 :<\/strong> 9<\/li>\n\n\n\n<li><strong>Paiement des int\u00e9r\u00eats :<\/strong> \u00e0 l&rsquo;\u00e9ch\u00e9ance.<\/li>\n\n\n\n<li><strong>\u00c9valuation actuelle (RICS) :<\/strong> 3.828.000 \u20ac<\/li>\n\n\n\n<li><strong>Evaluation ECO HET : <\/strong>10.469.000 \u20ac <strong>| LTV HET : <\/strong>15,76%<\/li>\n\n\n\n<li><strong>LTV 1st Disp : <\/strong>43,10%<\/li>\n\n\n\n<li><strong>Aportaciones:<\/strong><ul><li><strong>Aportaci\u00f3n promotor:<\/strong> 635.000 \u20ac&nbsp;<\/li><\/ul>\n<ul class=\"wp-block-list\">\n<li><strong>Pr\u00eat wecity :<\/strong> 1 650 000 \u20ac<\/li>\n<\/ul>\n<\/li>\n\n\n\n<li><strong>Investissement minimum :<\/strong> 500 \u20ac<\/li>\n<\/ul>\n<\/div><\/div>\n\n\n\n<p>Le promoteur <strong>Legera <\/strong>(par l&rsquo;interm\u00e9diaire de la soci\u00e9t\u00e9 MERIDIAN DIVERSITY LDA) demande un <strong>financement <\/strong>\u00e0 l&rsquo;adresse<strong> <\/strong>pour l&rsquo;<strong> acquisition d&rsquo;un terrain <\/strong>en vue de la construction d&rsquo;un immeuble de trois \u00e9tages comprenant 15 appartements \u00e0 <strong>Lisbonne<\/strong> (Rua Cal\u00e7ada dos Mestres, 112).<\/p>\n\n\n\n<p><strong>Le terrain a une superficie de 1 391 m<\/strong><strong><sup>2<\/sup><\/strong> et une surface constructible de 2.912<sup>m2<\/sup>, o\u00f9 il est pr\u00e9vu de construire un immeuble de 3 \u00e9tages avec 15 appartements et des appartements avec des places de parking et des locaux de stockage. Le <strong>permis de construire<\/strong> est <strong>en cours d&rsquo;approbation<\/strong>.   <\/p>\n\n\n\n<p>Au niveau commercial, la commercialisation n&rsquo;a pas commenc\u00e9 0% (0 sur 15).<\/p>\n\n\n\n<p>Le promoteur demande un <strong>pr\u00eat \u00e0 taux fixe de 1.650.000 \u20ac <\/strong>\u00e0 <strong>wecity<\/strong> pour couvrir une partie de l&rsquo;achat du terrain, dont le co\u00fbt d&rsquo;acquisition s&rsquo;\u00e9l\u00e8ve \u00e0 2.000.000 \u20ac. <strong>Le pr\u00eat sera garanti par une hypoth\u00e8que de<sup>1er degr\u00e9<\/sup>sur le bien<\/strong> et aura une <strong>dur\u00e9e de 9 mois <\/strong>(+3 mois d&rsquo;extension possible). Le pr\u00eat sera enti\u00e8rement utilis\u00e9 pour l&rsquo;acquisition du terrain. <\/p>\n\n\n\n<p><strong>La sortie des investisseurs de<\/strong> <strong>wecity<\/strong> se fera par le biais des fonds propres du promoteur pour d&rsquo;autres projets en cours.<\/p>\n\n\n\n<p>Le paiement des int\u00e9r\u00eats et le remboursement du capital investi seront effectu\u00e9s<strong> \u00e0 l&rsquo;\u00e9ch\u00e9ance<\/strong>.<\/p>\n\n\n\n<h2 class=\"wp-block-heading\">AInvest<\/h2>\n\n\n\n<p>AInvest ne s&rsquo;applique pas pour le moment.  <\/p>\n\n\n\n<h2 class=\"wp-block-heading\">Le projet<\/h2>\n\n\n\n<figure class=\"wp-block-image size-large\"><img decoding=\"async\" width=\"1024\" height=\"606\" src=\"https:\/\/www.wecity.com\/wp-content\/uploads\/2026\/03\/wecity_imag_inversion_Lisboa-Palacio-de-Justicia_01-1024x606.jpg\" alt=\"\" class=\"wp-image-24693\" srcset=\"https:\/\/www.wecity.com\/wp-content\/uploads\/2026\/03\/wecity_imag_inversion_Lisboa-Palacio-de-Justicia_01-1024x606.jpg 1024w, https:\/\/www.wecity.com\/wp-content\/uploads\/2026\/03\/wecity_imag_inversion_Lisboa-Palacio-de-Justicia_01-300x178.jpg 300w, https:\/\/www.wecity.com\/wp-content\/uploads\/2026\/03\/wecity_imag_inversion_Lisboa-Palacio-de-Justicia_01-768x455.jpg 768w, https:\/\/www.wecity.com\/wp-content\/uploads\/2026\/03\/wecity_imag_inversion_Lisboa-Palacio-de-Justicia_01-1536x909.jpg 1536w, https:\/\/www.wecity.com\/wp-content\/uploads\/2026\/03\/wecity_imag_inversion_Lisboa-Palacio-de-Justicia_01.jpg 1716w\" sizes=\"(max-width: 1024px) 100vw, 1024px\" \/><\/figure>\n\n\n\n<figure class=\"wp-block-image size-large is-resized\"><img decoding=\"async\" width=\"1024\" height=\"606\" src=\"https:\/\/www.wecity.com\/wp-content\/uploads\/2026\/03\/wecity_imag_inversion_Lisboa-Palacio-de-Justicia_02-1024x606.jpg\" alt=\"\" class=\"wp-image-24698\" style=\"aspect-ratio:1.6889885861318203;width:1025px;height:auto\" srcset=\"https:\/\/www.wecity.com\/wp-content\/uploads\/2026\/03\/wecity_imag_inversion_Lisboa-Palacio-de-Justicia_02-1024x606.jpg 1024w, https:\/\/www.wecity.com\/wp-content\/uploads\/2026\/03\/wecity_imag_inversion_Lisboa-Palacio-de-Justicia_02-300x178.jpg 300w, https:\/\/www.wecity.com\/wp-content\/uploads\/2026\/03\/wecity_imag_inversion_Lisboa-Palacio-de-Justicia_02-768x455.jpg 768w, https:\/\/www.wecity.com\/wp-content\/uploads\/2026\/03\/wecity_imag_inversion_Lisboa-Palacio-de-Justicia_02-1536x909.jpg 1536w, https:\/\/www.wecity.com\/wp-content\/uploads\/2026\/03\/wecity_imag_inversion_Lisboa-Palacio-de-Justicia_02.jpg 1716w\" sizes=\"(max-width: 1024px) 100vw, 1024px\" \/><\/figure>\n\n\n\n<figure class=\"wp-block-image size-large is-resized\"><img decoding=\"async\" width=\"1024\" height=\"606\" src=\"https:\/\/www.wecity.com\/wp-content\/uploads\/2026\/03\/wecity_imag_inversion_Lisboa-Palacio-de-Justicia_03-1024x606.jpg\" alt=\"\" class=\"wp-image-24703\" style=\"aspect-ratio:1.6889885861318203;width:1025px;height:auto\" srcset=\"https:\/\/www.wecity.com\/wp-content\/uploads\/2026\/03\/wecity_imag_inversion_Lisboa-Palacio-de-Justicia_03-1024x606.jpg 1024w, https:\/\/www.wecity.com\/wp-content\/uploads\/2026\/03\/wecity_imag_inversion_Lisboa-Palacio-de-Justicia_03-300x178.jpg 300w, https:\/\/www.wecity.com\/wp-content\/uploads\/2026\/03\/wecity_imag_inversion_Lisboa-Palacio-de-Justicia_03-768x455.jpg 768w, https:\/\/www.wecity.com\/wp-content\/uploads\/2026\/03\/wecity_imag_inversion_Lisboa-Palacio-de-Justicia_03-1536x909.jpg 1536w, https:\/\/www.wecity.com\/wp-content\/uploads\/2026\/03\/wecity_imag_inversion_Lisboa-Palacio-de-Justicia_03.jpg 1716w\" sizes=\"(max-width: 1024px) 100vw, 1024px\" \/><\/figure>\n\n\n\n<h2 class=\"wp-block-heading\">Situation et environnement<\/h2>\n\n\n\n<iframe src=\"https:\/\/www.google.com\/maps\/embed?pb=!1m17!1m12!1m3!1d3112.484971045343!2d-9.165828000000001!3d38.729632!2m3!1f0!2f0!3f0!3m2!1i1024!2i768!4f13.1!3m2!1m1!2zMzjCsDQzJzQ2LjciTiA5wrAwOSc1Ny4wIlc!5e0!3m2!1ses!2ses!4v1774541685462!5m2!1ses!2ses\" width=\"800\" height=\"600\" style=\"border:0;\" allowfullscreen=\"\" loading=\"lazy\" referrerpolicy=\"no-referrer-when-downgrade\"><\/iframe>\n\n\n\n<p>Ce projet est situ\u00e9 dans une zone r\u00e9sidentielle du quartier de Campolide \u00e0 <strong>Lisbonne<\/strong>. Il s&rsquo;agit d&rsquo;une zone calme, avec des b\u00e2timents r\u00e9sidentiels, loin de l&rsquo;agitation touristique du centre, mais bien desservie. Il est domin\u00e9 par des immeubles \u00e0 appartements et quelques maisons traditionnelles, avec une atmosph\u00e8re locale et quotidienne. Il est relativement proche des axes importants de la ville, ce qui facilite l&rsquo;acc\u00e8s aux autres quartiers.   <\/p>\n\n\n\n<p>Dans les environs, vous trouverez plusieurs points d&rsquo;int\u00e9r\u00eat. \u00c0 quelques minutes de l\u00e0 se trouve le Parque Florestal de Monsanto, un grand espace vert id\u00e9al pour se promener ou faire du sport. Vous trouverez \u00e9galement l&rsquo;Aqueduto das \u00c1guas Livres, un b\u00e2timent historique remarquable. Non loin de l\u00e0, vous trouverez le centre commercial Amoreiras et le Miradouro do Parque Eduardo VII, qui offre de belles vues sur la ville.   <\/p>\n\n\n\n<h2 class=\"wp-block-heading\">Garantie hypoth\u00e9caire<\/h2>\n\n\n\n<p>Le pr\u00eat sera garanti par une hypoth\u00e8que de<sup>premier<\/sup> degr\u00e9 sur le bien, situ\u00e9 \u00e0 Rua Cal\u00e7ada dos Mestres, 112<strong>(Lisbonne<\/strong>).<\/p>\n\n\n\n<p>Selon le rapport d&rsquo;\u00e9valuation r\u00e9alis\u00e9 par <strong>pvwtinsa<\/strong>, l&rsquo;\u00e9valuation actuelle s&rsquo;\u00e9l\u00e8ve \u00e0 3.828.000 \u20ac et l&rsquo;\u00e9valuation hypoth\u00e9tique du b\u00e2timent achev\u00e9 (HET) \u00e0 10.469.000 \u20ac. Le pr\u00eat \u00e0 accorder au promoteur \u00e0 ce stade est de 1 650 000 \u20ac, ce qui signifie un ratio pr\u00eat\/valeur (LTV) de 43,10 %, un ratio pr\u00eat\/valeur (LTV) HET de 15,76 % et un ratio pr\u00eat\/valeur (LTV) au premier tirage de 43,10 %.<\/p>\n\n\n\n<h2 class=\"wp-block-heading\">Agent de garantie<\/h2>\n\n\n\n<p>La cr\u00e9ation, la maintenance, la gestion, l&rsquo;administration et, le cas \u00e9ch\u00e9ant, l&rsquo;ex\u00e9cution du gage au nom des investisseurs de la wecity sont effectu\u00e9es par une entit\u00e9 externe.<\/p>\n\n\n\n<p>Dans ce cas, l&rsquo;agent de garantie d\u00e9sign\u00e9 sera celui indiqu\u00e9 dans le contrat de pr\u00eat.  <\/p>\n\n\n\n<div style=\"height:16px\" aria-hidden=\"true\" class=\"wp-block-spacer\"><\/div>\n\n\n\n<h2 class=\"wp-block-heading\" style=\"font-size:24px\">Evaluation<\/h2>\n\n\n\n<p>wecity, en tant que fournisseur de services de crowdfunding et conform\u00e9ment au r\u00e8glement d\u00e9l\u00e9gu\u00e9 (UE) 2024\/358 compl\u00e9tant le r\u00e8glement (UE) 2020\/1503 du Parlement europ\u00e9en et du Conseil, fournit une <a href=\"https:\/\/www.wecity.com\/fr\/modele-devaluation-des-risques\/\" target=\"_blank\" rel=\"noreferrer noopener\">description de la m\u00e9thode de notation de cr\u00e9dit<\/a><br> des projets utilis\u00e9s pour calculer les notations. Si le calcul est bas\u00e9 sur des comptes qui n&rsquo;ont pas \u00e9t\u00e9 audit\u00e9s, cela doit \u00eatre clairement indiqu\u00e9 dans la description de la m\u00e9thode. <\/p>\n\n\n\n<h2 class=\"wp-block-heading\" style=\"font-size:24px\">Contr\u00f4le<\/h2>\n\n\n\n<p>Le promoteur devra justifier l&rsquo;utilisation des fonds dans chacune des demandes. L&rsquo;utilisation des fonds par le promoteur sera contr\u00f4l\u00e9e par une soci\u00e9t\u00e9 externe \u00e0 wecity.   <\/p>\n","protected":false},"featured_media":24666,"template":"","class_list":["post-24727","oportunidades","type-oportunidades","status-publish","has-post-thumbnail","hentry"],"acf":[],"_links":{"self":[{"href":"https:\/\/www.wecity.com\/fr\/wp-json\/wp\/v2\/oportunidades\/24727","targetHints":{"allow":["GET"]}}],"collection":[{"href":"https:\/\/www.wecity.com\/fr\/wp-json\/wp\/v2\/oportunidades"}],"about":[{"href":"https:\/\/www.wecity.com\/fr\/wp-json\/wp\/v2\/types\/oportunidades"}],"wp:featuredmedia":[{"embeddable":true,"href":"https:\/\/www.wecity.com\/fr\/wp-json\/wp\/v2\/media\/24666"}],"wp:attachment":[{"href":"https:\/\/www.wecity.com\/fr\/wp-json\/wp\/v2\/media?parent=24727"}],"curies":[{"name":"wp","href":"https:\/\/api.w.org\/{rel}","templated":true}]}}

<p>WECITY respecte les dispositions du règlement (UE) 2020/1503 du Parlement européen et du Conseil du 7 octobre 2020 relatif aux prestataires européens de services de financement participatif aux entreprises et le titre V de la loi 5/2015 relative à la promotion du financement des entreprises, modifiée par la loi 18/2022 du 28 septembre relative à la création et à la croissance des entreprises. Il est autorisé par la <strong>CNMV</strong> en tant que prestataire de services de financement participatif, enregistré sous le numéro 9, avec une proposition favorable de la <strong>Banque d&rsquo;Espagne</strong>. </p>



<p>Investisseur, avant d&rsquo;effectuer votre investissement, veuillez lire les <a href="https://www.wecity.com/fr/information-pour-linvestisseur/" target="_blank" rel="noreferrer noopener">informations de base pour le client investisseur</a>, ainsi que le <a href="https://www.wecity.com/fr/information-pour-linvestisseur/#periodo_reflexi%C3%B3n">délai de réflexion précontractuel pour les investisseurs inexpérimentés </a>.  </p>



<p><strong>La peau du jeu</strong>:  <em> » Conformément à l&rsquo;article 8.2 du règlement (UE) 2020/1503 du Parlement européen et du Conseil du 7 octobre 2020 relatif aux apporteurs européens de financement participatif, nous informons que les <a href="https://www.wecity.com/fr/equipo/" target="_blank" rel="noreferrer noopener">associés, dirigeants et salariés de wecity</a> peuvent investir dans cette opportunité. Ces investissements seront réalisés dans les mêmes conditions que les autres investisseurs, sans traitement préférentiel ni accès privilégié à l&rsquo;information.  » </em></p>



<h2 class="wp-block-heading">L&rsquo;investissement</h2>



<div class="wp-block-group is-style-border-radius has-background" style="background-color:#f5f7f6"><div class="wp-block-group__inner-container is-layout-constrained wp-block-group-is-layout-constrained">
<ul class="wp-block-list">
<li><strong>Objet du prêt :</strong> Terrain.</li>



<li><strong>Sûreté :</strong> hypothèque au<sup>premier </sup>degré.</li>



<li><strong>Délai :</strong> 9 mois (+3 mois de prolongation possible)</li>



<li><strong>Obligatoire : </strong>6 mois.</li>



<li><strong>Taux d&rsquo;intérêt :</strong> 12 % par an</li>



<li><strong>Rendement total estimé :</strong> 9</li>



<li><strong>Paiement des intérêts :</strong> à l&rsquo;échéance.</li>



<li><strong>Évaluation actuelle (RICS) :</strong> 3.828.000 €</li>



<li><strong>Evaluation ECO HET : </strong>10.469.000 € <strong>| LTV HET : </strong>15,76%</li>



<li><strong>LTV 1st Disp : </strong>43,10%</li>



<li><strong>Aportaciones:</strong><ul><li><strong>Aportación promotor:</strong> 635.000 €&nbsp;</li></ul>
<ul class="wp-block-list">
<li><strong>Prêt wecity :</strong> 1 650 000 €</li>
</ul>
</li>



<li><strong>Investissement minimum :</strong> 500 €</li>
</ul>
</div></div>



<p>Le promoteur <strong>Legera </strong>(par l&rsquo;intermédiaire de la société MERIDIAN DIVERSITY LDA) demande un <strong>financement </strong>à l&rsquo;adresse<strong> </strong>pour l&rsquo;<strong> acquisition d&rsquo;un terrain </strong>en vue de la construction d&rsquo;un immeuble de trois étages comprenant 15 appartements à <strong>Lisbonne</strong> (Rua Calçada dos Mestres, 112).</p>



<p><strong>Le terrain a une superficie de 1 391 m</strong><strong><sup>2</sup></strong> et une surface constructible de 2.912<sup>m2</sup>, où il est prévu de construire un immeuble de 3 étages avec 15 appartements et des appartements avec des places de parking et des locaux de stockage. Le <strong>permis de construire</strong> est <strong>en cours d&rsquo;approbation</strong>.   </p>



<p>Au niveau commercial, la commercialisation n&rsquo;a pas commencé 0% (0 sur 15).</p>



<p>Le promoteur demande un <strong>prêt à taux fixe de 1.650.000 € </strong>à <strong>wecity</strong> pour couvrir une partie de l&rsquo;achat du terrain, dont le coût d&rsquo;acquisition s&rsquo;élève à 2.000.000 €. <strong>Le prêt sera garanti par une hypothèque de<sup>1er degré</sup>sur le bien</strong> et aura une <strong>durée de 9 mois </strong>(+3 mois d&rsquo;extension possible). Le prêt sera entièrement utilisé pour l&rsquo;acquisition du terrain. </p>



<p><strong>La sortie des investisseurs de</strong> <strong>wecity</strong> se fera par le biais des fonds propres du promoteur pour d&rsquo;autres projets en cours.</p>



<p>Le paiement des intérêts et le remboursement du capital investi seront effectués<strong> à l&rsquo;échéance</strong>.</p>



<h2 class="wp-block-heading">AInvest</h2>



<p>AInvest ne s&rsquo;applique pas pour le moment.  </p>



<h2 class="wp-block-heading">Le projet</h2>



<figure class="wp-block-image size-large"><img decoding="async" width="1024" height="606" src="https://www.wecity.com/wp-content/uploads/2026/03/wecity_imag_inversion_Lisboa-Palacio-de-Justicia_01-1024x606.jpg" alt="" class="wp-image-24693" srcset="https://www.wecity.com/wp-content/uploads/2026/03/wecity_imag_inversion_Lisboa-Palacio-de-Justicia_01-1024x606.jpg 1024w, https://www.wecity.com/wp-content/uploads/2026/03/wecity_imag_inversion_Lisboa-Palacio-de-Justicia_01-300x178.jpg 300w, https://www.wecity.com/wp-content/uploads/2026/03/wecity_imag_inversion_Lisboa-Palacio-de-Justicia_01-768x455.jpg 768w, https://www.wecity.com/wp-content/uploads/2026/03/wecity_imag_inversion_Lisboa-Palacio-de-Justicia_01-1536x909.jpg 1536w, https://www.wecity.com/wp-content/uploads/2026/03/wecity_imag_inversion_Lisboa-Palacio-de-Justicia_01.jpg 1716w" sizes="(max-width: 1024px) 100vw, 1024px" /></figure>



<figure class="wp-block-image size-large is-resized"><img decoding="async" width="1024" height="606" src="https://www.wecity.com/wp-content/uploads/2026/03/wecity_imag_inversion_Lisboa-Palacio-de-Justicia_02-1024x606.jpg" alt="" class="wp-image-24698" style="aspect-ratio:1.6889885861318203;width:1025px;height:auto" srcset="https://www.wecity.com/wp-content/uploads/2026/03/wecity_imag_inversion_Lisboa-Palacio-de-Justicia_02-1024x606.jpg 1024w, https://www.wecity.com/wp-content/uploads/2026/03/wecity_imag_inversion_Lisboa-Palacio-de-Justicia_02-300x178.jpg 300w, https://www.wecity.com/wp-content/uploads/2026/03/wecity_imag_inversion_Lisboa-Palacio-de-Justicia_02-768x455.jpg 768w, https://www.wecity.com/wp-content/uploads/2026/03/wecity_imag_inversion_Lisboa-Palacio-de-Justicia_02-1536x909.jpg 1536w, https://www.wecity.com/wp-content/uploads/2026/03/wecity_imag_inversion_Lisboa-Palacio-de-Justicia_02.jpg 1716w" sizes="(max-width: 1024px) 100vw, 1024px" /></figure>



<figure class="wp-block-image size-large is-resized"><img decoding="async" width="1024" height="606" src="https://www.wecity.com/wp-content/uploads/2026/03/wecity_imag_inversion_Lisboa-Palacio-de-Justicia_03-1024x606.jpg" alt="" class="wp-image-24703" style="aspect-ratio:1.6889885861318203;width:1025px;height:auto" srcset="https://www.wecity.com/wp-content/uploads/2026/03/wecity_imag_inversion_Lisboa-Palacio-de-Justicia_03-1024x606.jpg 1024w, https://www.wecity.com/wp-content/uploads/2026/03/wecity_imag_inversion_Lisboa-Palacio-de-Justicia_03-300x178.jpg 300w, https://www.wecity.com/wp-content/uploads/2026/03/wecity_imag_inversion_Lisboa-Palacio-de-Justicia_03-768x455.jpg 768w, https://www.wecity.com/wp-content/uploads/2026/03/wecity_imag_inversion_Lisboa-Palacio-de-Justicia_03-1536x909.jpg 1536w, https://www.wecity.com/wp-content/uploads/2026/03/wecity_imag_inversion_Lisboa-Palacio-de-Justicia_03.jpg 1716w" sizes="(max-width: 1024px) 100vw, 1024px" /></figure>



<h2 class="wp-block-heading">Situation et environnement</h2>



<iframe src="https://www.google.com/maps/embed?pb=!1m17!1m12!1m3!1d3112.484971045343!2d-9.165828000000001!3d38.729632!2m3!1f0!2f0!3f0!3m2!1i1024!2i768!4f13.1!3m2!1m1!2zMzjCsDQzJzQ2LjciTiA5wrAwOSc1Ny4wIlc!5e0!3m2!1ses!2ses!4v1774541685462!5m2!1ses!2ses" width="800" height="600" style="border:0;" allowfullscreen="" loading="lazy" referrerpolicy="no-referrer-when-downgrade"></iframe>



<p>Ce projet est situé dans une zone résidentielle du quartier de Campolide à <strong>Lisbonne</strong>. Il s&rsquo;agit d&rsquo;une zone calme, avec des bâtiments résidentiels, loin de l&rsquo;agitation touristique du centre, mais bien desservie. Il est dominé par des immeubles à appartements et quelques maisons traditionnelles, avec une atmosphère locale et quotidienne. Il est relativement proche des axes importants de la ville, ce qui facilite l&rsquo;accès aux autres quartiers.   </p>



<p>Dans les environs, vous trouverez plusieurs points d&rsquo;intérêt. À quelques minutes de là se trouve le Parque Florestal de Monsanto, un grand espace vert idéal pour se promener ou faire du sport. Vous trouverez également l&rsquo;Aqueduto das Águas Livres, un bâtiment historique remarquable. Non loin de là, vous trouverez le centre commercial Amoreiras et le Miradouro do Parque Eduardo VII, qui offre de belles vues sur la ville.   </p>



<h2 class="wp-block-heading">Garantie hypothécaire</h2>



<p>Le prêt sera garanti par une hypothèque de<sup>premier</sup> degré sur le bien, situé à Rua Calçada dos Mestres, 112<strong>(Lisbonne</strong>).</p>



<p>Selon le rapport d&rsquo;évaluation réalisé par <strong>pvwtinsa</strong>, l&rsquo;évaluation actuelle s&rsquo;élève à 3.828.000 € et l&rsquo;évaluation hypothétique du bâtiment achevé (HET) à 10.469.000 €. Le prêt à accorder au promoteur à ce stade est de 1 650 000 €, ce qui signifie un ratio prêt/valeur (LTV) de 43,10 %, un ratio prêt/valeur (LTV) HET de 15,76 % et un ratio prêt/valeur (LTV) au premier tirage de 43,10 %.</p>



<h2 class="wp-block-heading">Agent de garantie</h2>



<p>La création, la maintenance, la gestion, l&rsquo;administration et, le cas échéant, l&rsquo;exécution du gage au nom des investisseurs de la wecity sont effectuées par une entité externe.</p>



<p>Dans ce cas, l&rsquo;agent de garantie désigné sera celui indiqué dans le contrat de prêt.  </p>



<div style="height:16px" aria-hidden="true" class="wp-block-spacer"></div>



<h2 class="wp-block-heading" style="font-size:24px">Evaluation</h2>



<p>wecity, en tant que fournisseur de services de crowdfunding et conformément au règlement délégué (UE) 2024/358 complétant le règlement (UE) 2020/1503 du Parlement européen et du Conseil, fournit une <a href="https://www.wecity.com/fr/modele-devaluation-des-risques/" target="_blank" rel="noreferrer noopener">description de la méthode de notation de crédit</a><br> des projets utilisés pour calculer les notations. Si le calcul est basé sur des comptes qui n&rsquo;ont pas été audités, cela doit être clairement indiqué dans la description de la méthode. </p>



<h2 class="wp-block-heading" style="font-size:24px">Contrôle</h2>



<p>Le promoteur devra justifier l&rsquo;utilisation des fonds dans chacune des demandes. L&rsquo;utilisation des fonds par le promoteur sera contrôlée par une société externe à wecity.   </p>
