{"id":23877,"date":"2026-01-29T09:17:08","date_gmt":"2026-01-29T08:17:08","guid":{"rendered":"https:\/\/www.wecity.com\/oportunidades\/malaga-el-limonar\/"},"modified":"2026-02-03T14:10:02","modified_gmt":"2026-02-03T13:10:02","slug":"malaga-el-limonar","status":"publish","type":"oportunidades","link":"https:\/\/www.wecity.com\/fr\/opportunites\/malaga-el-limonar\/","title":{"rendered":"Malaga &#8211; El Limonar"},"content":{"rendered":"\n<p>WECITY respecte les dispositions du r\u00e8glement (UE) 2020\/1503 du Parlement europ\u00e9en et du Conseil du 7 octobre 2020 relatif aux prestataires europ\u00e9ens de services de financement participatif aux entreprises et le titre V de la loi 5\/2015 relative \u00e0 la promotion du financement des entreprises, modifi\u00e9e par la loi 18\/2022 du 28 septembre relative \u00e0 la cr\u00e9ation et \u00e0 la croissance des entreprises. Il est autoris\u00e9 par la <strong>CNMV<\/strong> en tant que prestataire de services de financement participatif, enregistr\u00e9 sous le num\u00e9ro 9, avec une proposition favorable de la <strong>Banque d&rsquo;Espagne<\/strong>. <\/p>\n\n\n\n<p>Investisseur, avant d&rsquo;effectuer votre investissement, veuillez lire les <a href=\"https:\/\/www.wecity.com\/fr\/information-pour-linvestisseur\/\" target=\"_blank\" rel=\"noreferrer noopener\">informations de base pour le client investisseur<\/a>, ainsi que le <a href=\"https:\/\/www.wecity.com\/fr\/information-pour-linvestisseur\/#periodo_reflexi%C3%B3n\">d\u00e9lai de r\u00e9flexion pr\u00e9contractuel pour les investisseurs inexp\u00e9riment\u00e9s <\/a>.  <\/p>\n\n\n\n<p><strong>La peau du jeu<\/strong>:  <em>\u00a0\u00bb Conform\u00e9ment \u00e0 l&rsquo;article 8.2 du r\u00e8glement (UE) 2020\/1503 du Parlement europ\u00e9en et du Conseil du 7 octobre 2020 relatif aux apporteurs europ\u00e9ens de financement participatif, nous informons que les <a href=\"https:\/\/www.wecity.com\/fr\/equipo\/\" target=\"_blank\" rel=\"noreferrer noopener\">associ\u00e9s, dirigeants et salari\u00e9s de wecity<\/a> peuvent investir dans cette opportunit\u00e9. Ces investissements seront r\u00e9alis\u00e9s dans les m\u00eames conditions que les autres investisseurs, sans traitement pr\u00e9f\u00e9rentiel ni acc\u00e8s privil\u00e9gi\u00e9 \u00e0 l&rsquo;information. \u00a0\u00bb <\/em><\/p>\n\n\n\n<h2 class=\"wp-block-heading\">L&rsquo;investissement<\/h2>\n\n\n\n<div class=\"wp-block-group is-style-border-radius has-background\" style=\"background-color:#f5f7f6\"><div class=\"wp-block-group__inner-container is-layout-constrained wp-block-group-is-layout-constrained\">\n<ul class=\"wp-block-list\">\n<li><strong>Objet du pr\u00eat :<\/strong> Acquisition.<\/li>\n\n\n\n<li><strong>S\u00fbret\u00e9 :<\/strong> hypoth\u00e8que au<sup>premier <\/sup>degr\u00e9.<\/li>\n\n\n\n<li><strong>D\u00e9lai :<\/strong> 12 mois (+6 mois de prolongation possible)<\/li>\n\n\n\n<li><strong>Obligatoire : <\/strong>6 mois.<\/li>\n\n\n\n<li><strong>Taux d&rsquo;int\u00e9r\u00eat :<\/strong> 11 % par an<\/li>\n\n\n\n<li><strong>Rendement total estim\u00e9 :<\/strong> 11 %<\/li>\n\n\n\n<li><strong>Paiement des int\u00e9r\u00eats :<\/strong> \u00e0 l&rsquo;\u00e9ch\u00e9ance.<\/li>\n\n\n\n<li><strong>Valeur actuelle de l&rsquo;ECO : <\/strong>1.746.668,67 \u20ac  <strong>| LTV actuel : <\/strong>48,66%<\/li>\n\n\n\n<li><strong>Rating:<\/strong> <a href=\"https:\/\/www.wecity.com\/fr\/modele-devaluation-des-risques\/\">A<\/a><\/li>\n\n\n\n<li><strong>Contributions :<\/strong><ul><li><strong>Contribution du promoteur :<\/strong> 360.936,15 \u20ac<\/li><\/ul>\n<ul class=\"wp-block-list\">\n<li><strong>Pr\u00eat de wecity :<\/strong> 850.000,00 \u20ac<\/li>\n<\/ul>\n<\/li>\n\n\n\n<li><strong>Investissement minimum :<\/strong> 250 \u20ac<\/li>\n\n\n\n<li><strong>Investissement maximum :<\/strong> 250 \u20ac pour la premi\u00e8re demi-heure.<\/li>\n<\/ul>\n<\/div><\/div>\n\n\n\n<p>Le promoteur <strong>HIMAR LIVING SL, une <\/strong>soci\u00e9t\u00e9 g\u00e9r\u00e9e par HL Management,<strong> <\/strong>demande un financement par le biais de <strong>wecity<\/strong> pour l&rsquo;acquisition d&rsquo;un terrain situ\u00e9 Calle Fuente de la Man\u00eda, 8, dans la ville de Malaga.<\/p>\n\n\n\n<p>Le terrain a une superficie de 753m<sup>2 <\/sup> et une zone constructible de 2.249 m<sup>2<\/sup>, o\u00f9 il est pr\u00e9vu de construire un immeuble de 19 logements avec 19 places de parking.<\/p>\n\n\n\n<p>Au niveau de l&rsquo;urbanisme, le promoteur n&rsquo;a pas encore d\u00e9pos\u00e9 de demande de permis de construire ; la commercialisation d\u00e9butera lorsque l&rsquo;acquisition de l&rsquo;actif aura \u00e9t\u00e9 formalis\u00e9e.<\/p>\n\n\n\n<p>Le montant total du pr\u00eat s&rsquo;\u00e9l\u00e8ve \u00e0 850 000 \u20ac, il sera assorti d&rsquo;une <strong>garantie hypoth\u00e9caire de 1er rang<\/strong>sur l&rsquo;actif, et <strong>le compte sur lequel l&rsquo;AEAT remboursera la TVA de l&rsquo;acquisition sera \u00e9galement mis en gage.<\/strong> Le pr\u00eat sera enti\u00e8rement destin\u00e9 \u00e0 l&rsquo;acquisition du terrain.<\/p>\n\n\n\n<p>Le promoteur fournira un <strong>capital<\/strong> de <span style=\"font-weight: 600; font-size: revert; color: initial; font-family: -apple-system, BlinkMacSystemFont, &quot;Segoe UI&quot;, Roboto, Oxygen-Sans, Ubuntu, Cantarell, &quot;Helvetica Neue&quot;, sans-serif;\">360.936,15 \u20ac<\/span> au moment de la signature<strong>,<\/strong> qui sera utilis\u00e9 pour l&rsquo;acquisition.<\/p>\n\n\n\n<p>La sortie des investisseurs <strong>urbains<\/strong> est pr\u00e9vue avec l&rsquo;entr\u00e9e du financement bancaire.<\/p>\n\n\n\n<p>Par le biais de wecity, vous pouvez participer \u00e0 une op\u00e9ration de <strong>pr\u00eat \u00e0 taux fixe<\/strong> avec un <strong>taux d&rsquo;int\u00e9r\u00eat annuel de 11% pour une dur\u00e9e estim\u00e9e de 12 mois<\/strong> (6 mois obligatoires) avec la possibilit\u00e9 de prolonger de 6 mois suppl\u00e9mentaires<strong> <\/strong>.<\/p>\n\n\n\n<p>Le paiement des int\u00e9r\u00eats et le remboursement du capital investi seront effectu\u00e9s<strong> \u00e0 l&rsquo;\u00e9ch\u00e9ance<\/strong>.<\/p>\n\n\n\n<h2 class=\"wp-block-heading\">Situation et environnement<\/h2>\n\n\n\n<iframe src=\"https:\/\/www.google.com\/maps\/embed?pb=!1m18!1m12!1m3!1d6395.563380259114!2d-4.410809024013288!3d36.72780397177698!2m3!1f0!2f0!3f0!3m2!1i1024!2i768!4f13.1!3m3!1m2!1s0xd72f7c4abfe7b67%3A0x1889954db231789d!2sC.%20Fuente%20de%20la%20Man%C3%ADa%2C%208%2C%20Distrito%20Centro%2C%2029012%20M%C3%A1laga!5e0!3m2!1ses!2ses!4v1770107859641!5m2!1ses!2ses\" width=\"800\" height=\"600\" style=\"border:0;\" allowfullscreen=\"\" loading=\"lazy\" referrerpolicy=\"no-referrer-when-downgrade\"><\/iframe>\n\n\n\n<p>La Calle <strong>Fuente de la Man\u00eda 8<\/strong> est situ\u00e9e dans une zone r\u00e9sidentielle du <strong>quartier Centro<\/strong>, dans les environs de <strong>Conde de Ure\u00f1a \/ La Victoria<\/strong>, avec un profil calme et consolid\u00e9, typique des collines pr\u00e8s de Gibralfaro : des rues avec peu de circulation, des logements urbains et une sensation de quartier, mais avec le centre historique \u00e0 un saut de puce pour la vie de tous les jours.<\/p>\n\n\n\n<p>Le <strong>Sanctuaire de la Victoria<\/strong> et les <strong>vues et promenades vers Gibralfaro<\/strong>, ainsi que la route et les enclaves du <strong>Barrio de la Victoria,<\/strong> sont des points d&rsquo;int\u00e9r\u00eat et de vie dans les environs.<\/p>\n\n\n\n<h2 class=\"wp-block-heading\">Garantie hypoth\u00e9caire<\/h2>\n\n\n\n<p>Le pr\u00eat sera garanti par une hypoth\u00e8que de<sup>premier<\/sup> degr\u00e9 sur le bien, situ\u00e9 \u00e0 Calle Fuente de la Man\u00eda 8 (M\u00e1laga).<\/p>\n\n\n\n<p>Selon le rapport d&rsquo;\u00e9valuation r\u00e9alis\u00e9 par <strong><strong><strong>Euroval<\/strong><\/strong><\/strong>l&rsquo;\u00e9valuation actuelle s&rsquo;\u00e9l\u00e8ve \u00e0 1 746 668,67 \u20ac. Le pr\u00eat \u00e0 accorder au promoteur est de <span style=\"font-size: revert; color: initial; font-family: -apple-system, BlinkMacSystemFont, \" segoe=\"\" ui=\"\" roboto=\"\" oxygen-sans=\"\" ubuntu=\"\" cantarell=\"\" neue=\"\" sans-serif=\"\">850 000 \u20ac<\/span>, ce qui signifie un rapport pr\u00eat\/valeur (LTV) de 48,66 % sur l&rsquo;\u00e9valuation actuelle. <\/p>\n\n\n\n<h2 class=\"wp-block-heading\">Agent de garantie<\/h2>\n\n\n\n<p>La cr\u00e9ation, la maintenance, la gestion, l&rsquo;administration et, le cas \u00e9ch\u00e9ant, l&rsquo;ex\u00e9cution du gage au nom des investisseurs de la wecity sont effectu\u00e9es par une entit\u00e9 externe.<\/p>\n\n\n\n<p>Dans ce cas, l&rsquo;agent de garantie d\u00e9sign\u00e9 sera celui indiqu\u00e9 dans le contrat de pr\u00eat.  <\/p>\n\n\n\n<h2 class=\"wp-block-heading\" style=\"font-size:24px\">Evaluation<\/h2>\n\n\n\n<p>wecity, en tant que fournisseur de services de crowdfunding et conform\u00e9ment au r\u00e8glement d\u00e9l\u00e9gu\u00e9 (UE) 2024\/358 compl\u00e9tant le r\u00e8glement (UE) 2020\/1503 du Parlement europ\u00e9en et du Conseil, fournit une <a href=\"https:\/\/www.wecity.com\/fr\/modele-devaluation-des-risques\/\" target=\"_blank\" rel=\"noreferrer noopener\">description de la m\u00e9thode de notation de cr\u00e9dit<\/a><br> des projets utilis\u00e9s pour calculer les notations. Si le calcul est bas\u00e9 sur des comptes qui n&rsquo;ont pas \u00e9t\u00e9 audit\u00e9s, cela doit \u00eatre clairement indiqu\u00e9 dans la description de la m\u00e9thode. <\/p>\n\n\n\n<h2 class=\"wp-block-heading\" style=\"font-size:24px\">Contr\u00f4le<\/h2>\n\n\n\n<p>Le promoteur devra justifier l&rsquo;utilisation des fonds dans chacune des demandes. L&rsquo;utilisation des fonds par le promoteur sera contr\u00f4l\u00e9e par une soci\u00e9t\u00e9 externe \u00e0 wecity.   <\/p>\n\n\n\n<p><\/p>\n","protected":false},"featured_media":23787,"template":"","class_list":["post-23877","oportunidades","type-oportunidades","status-publish","has-post-thumbnail","hentry"],"acf":[],"_links":{"self":[{"href":"https:\/\/www.wecity.com\/fr\/wp-json\/wp\/v2\/oportunidades\/23877","targetHints":{"allow":["GET"]}}],"collection":[{"href":"https:\/\/www.wecity.com\/fr\/wp-json\/wp\/v2\/oportunidades"}],"about":[{"href":"https:\/\/www.wecity.com\/fr\/wp-json\/wp\/v2\/types\/oportunidades"}],"wp:featuredmedia":[{"embeddable":true,"href":"https:\/\/www.wecity.com\/fr\/wp-json\/wp\/v2\/media\/23787"}],"wp:attachment":[{"href":"https:\/\/www.wecity.com\/fr\/wp-json\/wp\/v2\/media?parent=23877"}],"curies":[{"name":"wp","href":"https:\/\/api.w.org\/{rel}","templated":true}]}}

<p>WECITY respecte les dispositions du règlement (UE) 2020/1503 du Parlement européen et du Conseil du 7 octobre 2020 relatif aux prestataires européens de services de financement participatif aux entreprises et le titre V de la loi 5/2015 relative à la promotion du financement des entreprises, modifiée par la loi 18/2022 du 28 septembre relative à la création et à la croissance des entreprises. Il est autorisé par la <strong>CNMV</strong> en tant que prestataire de services de financement participatif, enregistré sous le numéro 9, avec une proposition favorable de la <strong>Banque d&rsquo;Espagne</strong>. </p>



<p>Investisseur, avant d&rsquo;effectuer votre investissement, veuillez lire les <a href="https://www.wecity.com/fr/information-pour-linvestisseur/" target="_blank" rel="noreferrer noopener">informations de base pour le client investisseur</a>, ainsi que le <a href="https://www.wecity.com/fr/information-pour-linvestisseur/#periodo_reflexi%C3%B3n">délai de réflexion précontractuel pour les investisseurs inexpérimentés </a>.  </p>



<p><strong>La peau du jeu</strong>:  <em> » Conformément à l&rsquo;article 8.2 du règlement (UE) 2020/1503 du Parlement européen et du Conseil du 7 octobre 2020 relatif aux apporteurs européens de financement participatif, nous informons que les <a href="https://www.wecity.com/fr/equipo/" target="_blank" rel="noreferrer noopener">associés, dirigeants et salariés de wecity</a> peuvent investir dans cette opportunité. Ces investissements seront réalisés dans les mêmes conditions que les autres investisseurs, sans traitement préférentiel ni accès privilégié à l&rsquo;information.  » </em></p>



<h2 class="wp-block-heading">L&rsquo;investissement</h2>



<div class="wp-block-group is-style-border-radius has-background" style="background-color:#f5f7f6"><div class="wp-block-group__inner-container is-layout-constrained wp-block-group-is-layout-constrained">
<ul class="wp-block-list">
<li><strong>Objet du prêt :</strong> Acquisition.</li>



<li><strong>Sûreté :</strong> hypothèque au<sup>premier </sup>degré.</li>



<li><strong>Délai :</strong> 12 mois (+6 mois de prolongation possible)</li>



<li><strong>Obligatoire : </strong>6 mois.</li>



<li><strong>Taux d&rsquo;intérêt :</strong> 11 % par an</li>



<li><strong>Rendement total estimé :</strong> 11 %</li>



<li><strong>Paiement des intérêts :</strong> à l&rsquo;échéance.</li>



<li><strong>Valeur actuelle de l&rsquo;ECO : </strong>1.746.668,67 €  <strong>| LTV actuel : </strong>48,66%</li>



<li><strong>Rating:</strong> <a href="https://www.wecity.com/fr/modele-devaluation-des-risques/">A</a></li>



<li><strong>Contributions :</strong><ul><li><strong>Contribution du promoteur :</strong> 360.936,15 €</li></ul>
<ul class="wp-block-list">
<li><strong>Prêt de wecity :</strong> 850.000,00 €</li>
</ul>
</li>



<li><strong>Investissement minimum :</strong> 250 €</li>



<li><strong>Investissement maximum :</strong> 250 € pour la première demi-heure.</li>
</ul>
</div></div>



<p>Le promoteur <strong>HIMAR LIVING SL, une </strong>société gérée par HL Management,<strong> </strong>demande un financement par le biais de <strong>wecity</strong> pour l&rsquo;acquisition d&rsquo;un terrain situé Calle Fuente de la Manía, 8, dans la ville de Malaga.</p>



<p>Le terrain a une superficie de 753m<sup>2 </sup> et une zone constructible de 2.249 m<sup>2</sup>, où il est prévu de construire un immeuble de 19 logements avec 19 places de parking.</p>



<p>Au niveau de l&rsquo;urbanisme, le promoteur n&rsquo;a pas encore déposé de demande de permis de construire ; la commercialisation débutera lorsque l&rsquo;acquisition de l&rsquo;actif aura été formalisée.</p>



<p>Le montant total du prêt s&rsquo;élève à 850 000 €, il sera assorti d&rsquo;une <strong>garantie hypothécaire de 1er rang</strong>sur l&rsquo;actif, et <strong>le compte sur lequel l&rsquo;AEAT remboursera la TVA de l&rsquo;acquisition sera également mis en gage.</strong> Le prêt sera entièrement destiné à l&rsquo;acquisition du terrain.</p>



<p>Le promoteur fournira un <strong>capital</strong> de <span style="font-weight: 600; font-size: revert; color: initial; font-family: -apple-system, BlinkMacSystemFont, &quot;Segoe UI&quot;, Roboto, Oxygen-Sans, Ubuntu, Cantarell, &quot;Helvetica Neue&quot;, sans-serif;">360.936,15 €</span> au moment de la signature<strong>,</strong> qui sera utilisé pour l&rsquo;acquisition.</p>



<p>La sortie des investisseurs <strong>urbains</strong> est prévue avec l&rsquo;entrée du financement bancaire.</p>



<p>Par le biais de wecity, vous pouvez participer à une opération de <strong>prêt à taux fixe</strong> avec un <strong>taux d&rsquo;intérêt annuel de 11% pour une durée estimée de 12 mois</strong> (6 mois obligatoires) avec la possibilité de prolonger de 6 mois supplémentaires<strong> </strong>.</p>



<p>Le paiement des intérêts et le remboursement du capital investi seront effectués<strong> à l&rsquo;échéance</strong>.</p>



<h2 class="wp-block-heading">Situation et environnement</h2>



<iframe src="https://www.google.com/maps/embed?pb=!1m18!1m12!1m3!1d6395.563380259114!2d-4.410809024013288!3d36.72780397177698!2m3!1f0!2f0!3f0!3m2!1i1024!2i768!4f13.1!3m3!1m2!1s0xd72f7c4abfe7b67%3A0x1889954db231789d!2sC.%20Fuente%20de%20la%20Man%C3%ADa%2C%208%2C%20Distrito%20Centro%2C%2029012%20M%C3%A1laga!5e0!3m2!1ses!2ses!4v1770107859641!5m2!1ses!2ses" width="800" height="600" style="border:0;" allowfullscreen="" loading="lazy" referrerpolicy="no-referrer-when-downgrade"></iframe>



<p>La Calle <strong>Fuente de la Manía 8</strong> est située dans une zone résidentielle du <strong>quartier Centro</strong>, dans les environs de <strong>Conde de Ureña / La Victoria</strong>, avec un profil calme et consolidé, typique des collines près de Gibralfaro : des rues avec peu de circulation, des logements urbains et une sensation de quartier, mais avec le centre historique à un saut de puce pour la vie de tous les jours.</p>



<p>Le <strong>Sanctuaire de la Victoria</strong> et les <strong>vues et promenades vers Gibralfaro</strong>, ainsi que la route et les enclaves du <strong>Barrio de la Victoria,</strong> sont des points d&rsquo;intérêt et de vie dans les environs.</p>



<h2 class="wp-block-heading">Garantie hypothécaire</h2>



<p>Le prêt sera garanti par une hypothèque de<sup>premier</sup> degré sur le bien, situé à Calle Fuente de la Manía 8 (Málaga).</p>



<p>Selon le rapport d&rsquo;évaluation réalisé par <strong><strong><strong>Euroval</strong></strong></strong>l&rsquo;évaluation actuelle s&rsquo;élève à 1 746 668,67 €. Le prêt à accorder au promoteur est de <span style="font-size: revert; color: initial; font-family: -apple-system, BlinkMacSystemFont, " segoe="" ui="" roboto="" oxygen-sans="" ubuntu="" cantarell="" neue="" sans-serif="">850 000 €</span>, ce qui signifie un rapport prêt/valeur (LTV) de 48,66 % sur l&rsquo;évaluation actuelle. </p>



<h2 class="wp-block-heading">Agent de garantie</h2>



<p>La création, la maintenance, la gestion, l&rsquo;administration et, le cas échéant, l&rsquo;exécution du gage au nom des investisseurs de la wecity sont effectuées par une entité externe.</p>



<p>Dans ce cas, l&rsquo;agent de garantie désigné sera celui indiqué dans le contrat de prêt.  </p>



<h2 class="wp-block-heading" style="font-size:24px">Evaluation</h2>



<p>wecity, en tant que fournisseur de services de crowdfunding et conformément au règlement délégué (UE) 2024/358 complétant le règlement (UE) 2020/1503 du Parlement européen et du Conseil, fournit une <a href="https://www.wecity.com/fr/modele-devaluation-des-risques/" target="_blank" rel="noreferrer noopener">description de la méthode de notation de crédit</a><br> des projets utilisés pour calculer les notations. Si le calcul est basé sur des comptes qui n&rsquo;ont pas été audités, cela doit être clairement indiqué dans la description de la méthode. </p>



<h2 class="wp-block-heading" style="font-size:24px">Contrôle</h2>



<p>Le promoteur devra justifier l&rsquo;utilisation des fonds dans chacune des demandes. L&rsquo;utilisation des fonds par le promoteur sera contrôlée par une société externe à wecity.   </p>



<p></p>
