{"id":21858,"date":"2025-11-19T12:00:19","date_gmt":"2025-11-19T11:00:19","guid":{"rendered":"https:\/\/www.wecity.com\/oportunidades\/madrid-brunete\/"},"modified":"2025-11-21T11:56:52","modified_gmt":"2025-11-21T10:56:52","slug":"madrid-brunete","status":"publish","type":"oportunidades","link":"https:\/\/www.wecity.com\/fr\/opportunites\/madrid-brunete\/","title":{"rendered":"Madrid Brunete"},"content":{"rendered":"\n<p>WECITY respecte les dispositions du r\u00e8glement (UE) 2020\/1503 du Parlement europ\u00e9en et du Conseil du 7 octobre 2020 relatif aux prestataires europ\u00e9ens de services de financement participatif aux entreprises et le titre V de la loi 5\/2015 relative \u00e0 la promotion du financement des entreprises, modifi\u00e9e par la loi 18\/2022 du 28 septembre relative \u00e0 la cr\u00e9ation et \u00e0 la croissance des entreprises. Il est autoris\u00e9 par la <strong>CNMV<\/strong> en tant que prestataire de services de financement participatif, enregistr\u00e9 sous le num\u00e9ro 9, avec une proposition favorable de la <strong>Banque d&rsquo;Espagne<\/strong>. <\/p>\n\n\n\n<p>Investisseur, avant d&rsquo;effectuer votre investissement, veuillez lire les <a href=\"https:\/\/www.wecity.com\/fr\/information-pour-linvestisseur\/\" target=\"_blank\" rel=\"noreferrer noopener\">informations de base pour le client investisseur<\/a>, ainsi que le <a href=\"https:\/\/www.wecity.com\/fr\/information-pour-linvestisseur\/#periodo_reflexi%C3%B3n\">d\u00e9lai de r\u00e9flexion pr\u00e9contractuel pour les investisseurs inexp\u00e9riment\u00e9s <\/a>.  <\/p>\n\n\n\n<p><strong>La peau du jeu<\/strong>:  <em>\u00a0\u00bb Conform\u00e9ment \u00e0 l&rsquo;article 8.2 du r\u00e8glement (UE) 2020\/1503 du Parlement europ\u00e9en et du Conseil du 7 octobre 2020 relatif aux apporteurs europ\u00e9ens de financement participatif, nous informons que les <a href=\"https:\/\/www.wecity.com\/fr\/equipo\/\" target=\"_blank\" rel=\"noreferrer noopener\">associ\u00e9s, dirigeants et salari\u00e9s de wecity<\/a> peuvent investir dans cette opportunit\u00e9. Ces investissements seront r\u00e9alis\u00e9s dans les m\u00eames conditions que les autres investisseurs, sans traitement pr\u00e9f\u00e9rentiel ni acc\u00e8s privil\u00e9gi\u00e9 \u00e0 l&rsquo;information. \u00a0\u00bb <\/em><\/p>\n\n\n\n<h2 class=\"wp-block-heading\">L&rsquo;investissement<\/h2>\n\n\n\n<div class=\"wp-block-group is-style-border-radius has-background\" style=\"background-color:#f5f7f6\"><div class=\"wp-block-group__inner-container is-layout-constrained wp-block-group-is-layout-constrained\">\n<ul class=\"wp-block-list\">\n<li><strong>Objet du pr\u00eat :<\/strong> financer le paiement de 20% du terrain.<\/li>\n\n\n\n<li><strong>S\u00fbret\u00e9 :<\/strong> hypoth\u00e8que au<sup>premier <\/sup>degr\u00e9.<\/li>\n\n\n\n<li><strong>D\u00e9lai :<\/strong> 12 mois (+3 mois de prolongation possible)<\/li>\n\n\n\n<li><strong>Obligatoire : <\/strong>6 mois.<\/li>\n\n\n\n<li><strong>Taux d&rsquo;int\u00e9r\u00eat :<\/strong> 11,50 % par an.<\/li>\n\n\n\n<li><strong>Rendement total estim\u00e9 :<\/strong> 11,50 %<\/li>\n\n\n\n<li><strong>Paiement des int\u00e9r\u00eats :<\/strong> \u00e0 l&rsquo;\u00e9ch\u00e9ance.<\/li>\n\n\n\n<li><strong>Valeur actuelle <strong>(ECO)<\/strong><\/strong> <strong>des bureaux :<\/strong> 2.454.032,05 \u20ac <strong><strong>| LTV:<\/strong><\/strong> 44,82%<strong> <\/strong><\/li>\n\n\n\n<li><strong>Rating<\/strong>: <a href=\"https:\/\/www.wecity.com\/fr\/modele-devaluation-des-risques\/\">AA<\/a><\/li>\n\n\n\n<li><strong>Contributions :<\/strong>\n<ul class=\"wp-block-list\">\n<li><strong>Contribution du d\u00e9veloppeur : <\/strong>460 294,14 \u20ac<\/li>\n\n\n\n<li><strong>Pr\u00eat de la ville :<\/strong> 1.100.000,00 \u20ac<\/li>\n<\/ul>\n<\/li>\n\n\n\n<li><strong>Investissement minimum :<\/strong> 500 \u20ac<\/li>\n<\/ul>\n<\/div><\/div>\n\n\n\n<p>Le promoteur <strong>\u00c9poca Gesti\u00f3n SL, soci\u00e9t\u00e9 g\u00e9r\u00e9e par Fogesa, demande un financement par le biais de wecity<\/strong> pour payer 20% du prix de la parcelle M-39 dans le secteur SR1 de Brunete, \u00e0 Madrid, o\u00f9 225 logements VPPB seront d\u00e9velopp\u00e9s. Au niveau urbanistique, le secteur a re\u00e7u l&rsquo;approbation d\u00e9finitive des Projets d&rsquo;Urbanisation et de Lotissement, et on estime que les travaux d&rsquo;urbanisation commenceront au d\u00e9but de l&rsquo;ann\u00e9e 2026. Pour l&rsquo;instant, le promoteur ne dispose pas de permis de construire.  <\/p>\n\n\n\n<p>Sur le plan commercial, le promoteur n&rsquo;a pas encore commenc\u00e9 la commercialisation mais pr\u00e9voit de le faire avant la fin de l&rsquo;ann\u00e9e. Le prix de vente du module VPPB \u00e0 Brunete est de 2 169 \u20ac\/m2 de surface utile. <\/p>\n\n\n\n<p>Le projet sera financ\u00e9 par un pr\u00eat hypoth\u00e9caire d&rsquo;un montant de <strong>1 100 000 \u20ac <\/strong>, avec un taux d&rsquo;int\u00e9r\u00eat annuel de <strong>11,5 % et une dur\u00e9e ordinaire de 12 mois + 3 mois de prolongation possible, <\/strong>qui servira \u00e0 payer 20 % du terrain. Le projet b\u00e9n\u00e9ficiera d&rsquo;une<strong> garantie hypoth\u00e9caire de premier degr\u00e9<\/strong>.<strong><sup>1<\/sup> dans les bureaux de l&rsquo;entreprise<\/strong>, situ\u00e9s calle Alcalde \u00c1ngel Arroyo 4-6, Getafe.<\/p>\n\n\n\n<p>Le promoteur apportera ses propres fonds d&rsquo;un montant de <strong>460 294,14 \u20ac<\/strong><strong> <\/strong>au moment de la signature, qui serviront \u00e0 payer 20 % du terrain.<\/p>\n\n\n\n<p><strong>Le remboursement du pr\u00eat aux investisseurs de wecity est pr\u00e9vu par le biais d&rsquo;un financement bancaire.<\/strong><\/p>\n\n\n\n<p>Par le biais de wecity, vous pouvez participer \u00e0 une op\u00e9ration de <strong>pr\u00eat \u00e0 taux fixe<\/strong> avec un <strong>taux d&rsquo;int\u00e9r\u00eat annuel de 11,50% pour une dur\u00e9e estim\u00e9e de 12 mois<\/strong> (6 mois obligatoires) avec une possibilit\u00e9 de prolongation de 3 mois suppl\u00e9mentaires<strong> <\/strong>.<\/p>\n\n\n\n<p>Le paiement des int\u00e9r\u00eats et le remboursement du capital investi seront effectu\u00e9s<strong> \u00e0 l&rsquo;\u00e9ch\u00e9ance<\/strong>.<\/p>\n\n\n\n<h2 class=\"wp-block-heading\">Le projet<\/h2>\n\n\n\n<figure class=\"wp-block-image size-large\"><img decoding=\"async\" width=\"1024\" height=\"606\" src=\"https:\/\/www.wecity.com\/wp-content\/uploads\/2025\/11\/wecity_imag_inversion_Madrid-Brunete-1-1024x606.jpg\" alt=\"\" class=\"wp-image-21837\" srcset=\"https:\/\/www.wecity.com\/wp-content\/uploads\/2025\/11\/wecity_imag_inversion_Madrid-Brunete-1-1024x606.jpg 1024w, https:\/\/www.wecity.com\/wp-content\/uploads\/2025\/11\/wecity_imag_inversion_Madrid-Brunete-1-300x178.jpg 300w, https:\/\/www.wecity.com\/wp-content\/uploads\/2025\/11\/wecity_imag_inversion_Madrid-Brunete-1-768x455.jpg 768w, https:\/\/www.wecity.com\/wp-content\/uploads\/2025\/11\/wecity_imag_inversion_Madrid-Brunete-1-1536x909.jpg 1536w, https:\/\/www.wecity.com\/wp-content\/uploads\/2025\/11\/wecity_imag_inversion_Madrid-Brunete-1.jpg 1716w\" sizes=\"(max-width: 1024px) 100vw, 1024px\" \/><\/figure>\n\n\n\n<figure class=\"wp-block-image size-large\"><img decoding=\"async\" width=\"1024\" height=\"606\" src=\"https:\/\/www.wecity.com\/wp-content\/uploads\/2025\/11\/wecity_imag_inversion_Madrid-Brunete-1024x606.jpg\" alt=\"\" class=\"wp-image-21841\" srcset=\"https:\/\/www.wecity.com\/wp-content\/uploads\/2025\/11\/wecity_imag_inversion_Madrid-Brunete-1024x606.jpg 1024w, https:\/\/www.wecity.com\/wp-content\/uploads\/2025\/11\/wecity_imag_inversion_Madrid-Brunete-300x178.jpg 300w, https:\/\/www.wecity.com\/wp-content\/uploads\/2025\/11\/wecity_imag_inversion_Madrid-Brunete-768x455.jpg 768w, https:\/\/www.wecity.com\/wp-content\/uploads\/2025\/11\/wecity_imag_inversion_Madrid-Brunete-1536x909.jpg 1536w, https:\/\/www.wecity.com\/wp-content\/uploads\/2025\/11\/wecity_imag_inversion_Madrid-Brunete.jpg 1716w\" sizes=\"(max-width: 1024px) 100vw, 1024px\" \/><\/figure>\n\n\n\n<h2 class=\"wp-block-heading\">Situation et environnement<\/h2>\n\n\n\n<iframe src=\"https:\/\/www.google.com\/maps\/embed?pb=!1m14!1m12!1m3!1d6076.358878608629!2d-3.9960181610753946!3d40.40487547876787!2m3!1f0!2f0!3f0!3m2!1i1024!2i768!4f13.1!5e0!3m2!1ses!2ses!4v1763550480230!5m2!1ses!2ses\" width=\"800\" height=\"600\" style=\"border:0;\" allowfullscreen=\"\" loading=\"lazy\" referrerpolicy=\"no-referrer-when-downgrade\"><\/iframe>\n\n\n\n<p>Le <strong>terrain M39, SR1 \u00e0 Brunete (Madrid)<\/strong> est situ\u00e9 dans une zone r\u00e9sidentielle calme et en pleine expansion, tr\u00e8s proche du centre-ville et de la <strong>Plaza Mayor de Brunete<\/strong>, l&rsquo;un des points les plus reconnus de la municipalit\u00e9. Son environnement combine des zones vertes et de nouveaux lotissements, ce qui le rend attrayant pour les projets immobiliers. <\/p>\n\n\n\n<p>\u00c0 quelques minutes de l\u00e0 se trouve le <strong>parc r\u00e9gional du cours moyen de la rivi\u00e8re Guadarrama<\/strong>, id\u00e9al pour les activit\u00e9s de plein air. Les communications routi\u00e8res avec Madrid et les villes voisines sont fluides, ce qui ajoute une valeur strat\u00e9gique \u00e0 cet emplacement. <\/p>\n\n\n\n<h2 class=\"wp-block-heading\">Garantie hypoth\u00e9caire<\/h2>\n\n\n\n<p>Le pr\u00eat sera garanti par une hypoth\u00e8que de 1<sup>er<\/sup> rang <strong>sur les bureaux de l&rsquo;entreprise<\/strong>, situ\u00e9s rue Alcalde \u00c1ngel Arroyo 4-6, \u00e0 Getafe.<\/p>\n\n\n\n<p>Selon le rapport d&rsquo;\u00e9valuation r\u00e9alis\u00e9 par <strong><strong><strong><strong><strong>UVE Valoraciones<\/strong><\/strong><\/strong><\/strong><\/strong>l&rsquo;\u00e9valuation actuelle s&rsquo;\u00e9l\u00e8ve \u00e0 2 454 032,05 \u20ac. Le pr\u00eat \u00e0 accorder au promoteur est de 1 100 000 \u20ac, ce qui signifie un rapport pr\u00eat\/valeur (LTV) de 44,82 % sur l&rsquo;\u00e9valuation actuelle. <\/p>\n\n\n\n<h2 class=\"wp-block-heading\">Agent de garantie<\/h2>\n\n\n\n<p>La cr\u00e9ation, la maintenance, la gestion, l&rsquo;administration et, le cas \u00e9ch\u00e9ant, l&rsquo;ex\u00e9cution du gage au nom des investisseurs de la wecity sont effectu\u00e9es par une entit\u00e9 externe.<\/p>\n\n\n\n<p>Dans ce cas, l&rsquo;agent de garantie d\u00e9sign\u00e9 sera celui indiqu\u00e9 dans le contrat de pr\u00eat.  <\/p>\n\n\n\n<div style=\"height:16px\" aria-hidden=\"true\" class=\"wp-block-spacer\"><\/div>\n\n\n\n<h2 class=\"wp-block-heading\" style=\"font-size:24px\">Evaluation<\/h2>\n\n\n\n<p>wecity, en tant que fournisseur de services de crowdfunding et conform\u00e9ment au r\u00e8glement d\u00e9l\u00e9gu\u00e9 (UE) 2024\/358 compl\u00e9tant le r\u00e8glement (UE) 2020\/1503 du Parlement europ\u00e9en et du Conseil, fournit une <a href=\"https:\/\/www.wecity.com\/fr\/modele-devaluation-des-risques\/\" target=\"_blank\" rel=\"noreferrer noopener\">description de la m\u00e9thode de notation de cr\u00e9dit de projet<\/a> utilis\u00e9e pour calculer les notations. Si le calcul est fond\u00e9 sur des comptes non audit\u00e9s, cela doit \u00eatre clairement indiqu\u00e9 dans la description de la m\u00e9thode. <\/p>\n\n\n\n<h2 class=\"wp-block-heading\" style=\"font-size:24px\">Contr\u00f4le<\/h2>\n\n\n\n<p>Le promoteur devra justifier l&rsquo;utilisation des fonds dans chacune des demandes. L&rsquo;utilisation des fonds par le promoteur sera contr\u00f4l\u00e9e par une soci\u00e9t\u00e9 externe \u00e0 wecity.   <\/p>\n","protected":false},"featured_media":21847,"template":"","class_list":["post-21858","oportunidades","type-oportunidades","status-publish","has-post-thumbnail","hentry"],"acf":[],"_links":{"self":[{"href":"https:\/\/www.wecity.com\/fr\/wp-json\/wp\/v2\/oportunidades\/21858","targetHints":{"allow":["GET"]}}],"collection":[{"href":"https:\/\/www.wecity.com\/fr\/wp-json\/wp\/v2\/oportunidades"}],"about":[{"href":"https:\/\/www.wecity.com\/fr\/wp-json\/wp\/v2\/types\/oportunidades"}],"wp:featuredmedia":[{"embeddable":true,"href":"https:\/\/www.wecity.com\/fr\/wp-json\/wp\/v2\/media\/21847"}],"wp:attachment":[{"href":"https:\/\/www.wecity.com\/fr\/wp-json\/wp\/v2\/media?parent=21858"}],"curies":[{"name":"wp","href":"https:\/\/api.w.org\/{rel}","templated":true}]}}

<p>WECITY respecte les dispositions du règlement (UE) 2020/1503 du Parlement européen et du Conseil du 7 octobre 2020 relatif aux prestataires européens de services de financement participatif aux entreprises et le titre V de la loi 5/2015 relative à la promotion du financement des entreprises, modifiée par la loi 18/2022 du 28 septembre relative à la création et à la croissance des entreprises. Il est autorisé par la <strong>CNMV</strong> en tant que prestataire de services de financement participatif, enregistré sous le numéro 9, avec une proposition favorable de la <strong>Banque d&rsquo;Espagne</strong>. </p>



<p>Investisseur, avant d&rsquo;effectuer votre investissement, veuillez lire les <a href="https://www.wecity.com/fr/information-pour-linvestisseur/" target="_blank" rel="noreferrer noopener">informations de base pour le client investisseur</a>, ainsi que le <a href="https://www.wecity.com/fr/information-pour-linvestisseur/#periodo_reflexi%C3%B3n">délai de réflexion précontractuel pour les investisseurs inexpérimentés </a>.  </p>



<p><strong>La peau du jeu</strong>:  <em> » Conformément à l&rsquo;article 8.2 du règlement (UE) 2020/1503 du Parlement européen et du Conseil du 7 octobre 2020 relatif aux apporteurs européens de financement participatif, nous informons que les <a href="https://www.wecity.com/fr/equipo/" target="_blank" rel="noreferrer noopener">associés, dirigeants et salariés de wecity</a> peuvent investir dans cette opportunité. Ces investissements seront réalisés dans les mêmes conditions que les autres investisseurs, sans traitement préférentiel ni accès privilégié à l&rsquo;information.  » </em></p>



<h2 class="wp-block-heading">L&rsquo;investissement</h2>



<div class="wp-block-group is-style-border-radius has-background" style="background-color:#f5f7f6"><div class="wp-block-group__inner-container is-layout-constrained wp-block-group-is-layout-constrained">
<ul class="wp-block-list">
<li><strong>Objet du prêt :</strong> financer le paiement de 20% du terrain.</li>



<li><strong>Sûreté :</strong> hypothèque au<sup>premier </sup>degré.</li>



<li><strong>Délai :</strong> 12 mois (+3 mois de prolongation possible)</li>



<li><strong>Obligatoire : </strong>6 mois.</li>



<li><strong>Taux d&rsquo;intérêt :</strong> 11,50 % par an.</li>



<li><strong>Rendement total estimé :</strong> 11,50 %</li>



<li><strong>Paiement des intérêts :</strong> à l&rsquo;échéance.</li>



<li><strong>Valeur actuelle <strong>(ECO)</strong></strong> <strong>des bureaux :</strong> 2.454.032,05 € <strong><strong>| LTV:</strong></strong> 44,82%<strong> </strong></li>



<li><strong>Rating</strong>: <a href="https://www.wecity.com/fr/modele-devaluation-des-risques/">AA</a></li>



<li><strong>Contributions :</strong>
<ul class="wp-block-list">
<li><strong>Contribution du développeur : </strong>460 294,14 €</li>



<li><strong>Prêt de la ville :</strong> 1.100.000,00 €</li>
</ul>
</li>



<li><strong>Investissement minimum :</strong> 500 €</li>
</ul>
</div></div>



<p>Le promoteur <strong>Época Gestión SL, société gérée par Fogesa, demande un financement par le biais de wecity</strong> pour payer 20% du prix de la parcelle M-39 dans le secteur SR1 de Brunete, à Madrid, où 225 logements VPPB seront développés. Au niveau urbanistique, le secteur a reçu l&rsquo;approbation définitive des Projets d&rsquo;Urbanisation et de Lotissement, et on estime que les travaux d&rsquo;urbanisation commenceront au début de l&rsquo;année 2026. Pour l&rsquo;instant, le promoteur ne dispose pas de permis de construire.  </p>



<p>Sur le plan commercial, le promoteur n&rsquo;a pas encore commencé la commercialisation mais prévoit de le faire avant la fin de l&rsquo;année. Le prix de vente du module VPPB à Brunete est de 2 169 €/m2 de surface utile. </p>



<p>Le projet sera financé par un prêt hypothécaire d&rsquo;un montant de <strong>1 100 000 € </strong>, avec un taux d&rsquo;intérêt annuel de <strong>11,5 % et une durée ordinaire de 12 mois + 3 mois de prolongation possible, </strong>qui servira à payer 20 % du terrain. Le projet bénéficiera d&rsquo;une<strong> garantie hypothécaire de premier degré</strong>.<strong><sup>1</sup> dans les bureaux de l&rsquo;entreprise</strong>, situés calle Alcalde Ángel Arroyo 4-6, Getafe.</p>



<p>Le promoteur apportera ses propres fonds d&rsquo;un montant de <strong>460 294,14 €</strong><strong> </strong>au moment de la signature, qui serviront à payer 20 % du terrain.</p>



<p><strong>Le remboursement du prêt aux investisseurs de wecity est prévu par le biais d&rsquo;un financement bancaire.</strong></p>



<p>Par le biais de wecity, vous pouvez participer à une opération de <strong>prêt à taux fixe</strong> avec un <strong>taux d&rsquo;intérêt annuel de 11,50% pour une durée estimée de 12 mois</strong> (6 mois obligatoires) avec une possibilité de prolongation de 3 mois supplémentaires<strong> </strong>.</p>



<p>Le paiement des intérêts et le remboursement du capital investi seront effectués<strong> à l&rsquo;échéance</strong>.</p>



<h2 class="wp-block-heading">Le projet</h2>



<figure class="wp-block-image size-large"><img decoding="async" width="1024" height="606" src="https://www.wecity.com/wp-content/uploads/2025/11/wecity_imag_inversion_Madrid-Brunete-1-1024x606.jpg" alt="" class="wp-image-21837" srcset="https://www.wecity.com/wp-content/uploads/2025/11/wecity_imag_inversion_Madrid-Brunete-1-1024x606.jpg 1024w, https://www.wecity.com/wp-content/uploads/2025/11/wecity_imag_inversion_Madrid-Brunete-1-300x178.jpg 300w, https://www.wecity.com/wp-content/uploads/2025/11/wecity_imag_inversion_Madrid-Brunete-1-768x455.jpg 768w, https://www.wecity.com/wp-content/uploads/2025/11/wecity_imag_inversion_Madrid-Brunete-1-1536x909.jpg 1536w, https://www.wecity.com/wp-content/uploads/2025/11/wecity_imag_inversion_Madrid-Brunete-1.jpg 1716w" sizes="(max-width: 1024px) 100vw, 1024px" /></figure>



<figure class="wp-block-image size-large"><img decoding="async" width="1024" height="606" src="https://www.wecity.com/wp-content/uploads/2025/11/wecity_imag_inversion_Madrid-Brunete-1024x606.jpg" alt="" class="wp-image-21841" srcset="https://www.wecity.com/wp-content/uploads/2025/11/wecity_imag_inversion_Madrid-Brunete-1024x606.jpg 1024w, https://www.wecity.com/wp-content/uploads/2025/11/wecity_imag_inversion_Madrid-Brunete-300x178.jpg 300w, https://www.wecity.com/wp-content/uploads/2025/11/wecity_imag_inversion_Madrid-Brunete-768x455.jpg 768w, https://www.wecity.com/wp-content/uploads/2025/11/wecity_imag_inversion_Madrid-Brunete-1536x909.jpg 1536w, https://www.wecity.com/wp-content/uploads/2025/11/wecity_imag_inversion_Madrid-Brunete.jpg 1716w" sizes="(max-width: 1024px) 100vw, 1024px" /></figure>



<h2 class="wp-block-heading">Situation et environnement</h2>



<iframe src="https://www.google.com/maps/embed?pb=!1m14!1m12!1m3!1d6076.358878608629!2d-3.9960181610753946!3d40.40487547876787!2m3!1f0!2f0!3f0!3m2!1i1024!2i768!4f13.1!5e0!3m2!1ses!2ses!4v1763550480230!5m2!1ses!2ses" width="800" height="600" style="border:0;" allowfullscreen="" loading="lazy" referrerpolicy="no-referrer-when-downgrade"></iframe>



<p>Le <strong>terrain M39, SR1 à Brunete (Madrid)</strong> est situé dans une zone résidentielle calme et en pleine expansion, très proche du centre-ville et de la <strong>Plaza Mayor de Brunete</strong>, l&rsquo;un des points les plus reconnus de la municipalité. Son environnement combine des zones vertes et de nouveaux lotissements, ce qui le rend attrayant pour les projets immobiliers. </p>



<p>À quelques minutes de là se trouve le <strong>parc régional du cours moyen de la rivière Guadarrama</strong>, idéal pour les activités de plein air. Les communications routières avec Madrid et les villes voisines sont fluides, ce qui ajoute une valeur stratégique à cet emplacement. </p>



<h2 class="wp-block-heading">Garantie hypothécaire</h2>



<p>Le prêt sera garanti par une hypothèque de 1<sup>er</sup> rang <strong>sur les bureaux de l&rsquo;entreprise</strong>, situés rue Alcalde Ángel Arroyo 4-6, à Getafe.</p>



<p>Selon le rapport d&rsquo;évaluation réalisé par <strong><strong><strong><strong><strong>UVE Valoraciones</strong></strong></strong></strong></strong>l&rsquo;évaluation actuelle s&rsquo;élève à 2 454 032,05 €. Le prêt à accorder au promoteur est de 1 100 000 €, ce qui signifie un rapport prêt/valeur (LTV) de 44,82 % sur l&rsquo;évaluation actuelle. </p>



<h2 class="wp-block-heading">Agent de garantie</h2>



<p>La création, la maintenance, la gestion, l&rsquo;administration et, le cas échéant, l&rsquo;exécution du gage au nom des investisseurs de la wecity sont effectuées par une entité externe.</p>



<p>Dans ce cas, l&rsquo;agent de garantie désigné sera celui indiqué dans le contrat de prêt.  </p>



<div style="height:16px" aria-hidden="true" class="wp-block-spacer"></div>



<h2 class="wp-block-heading" style="font-size:24px">Evaluation</h2>



<p>wecity, en tant que fournisseur de services de crowdfunding et conformément au règlement délégué (UE) 2024/358 complétant le règlement (UE) 2020/1503 du Parlement européen et du Conseil, fournit une <a href="https://www.wecity.com/fr/modele-devaluation-des-risques/" target="_blank" rel="noreferrer noopener">description de la méthode de notation de crédit de projet</a> utilisée pour calculer les notations. Si le calcul est fondé sur des comptes non audités, cela doit être clairement indiqué dans la description de la méthode. </p>



<h2 class="wp-block-heading" style="font-size:24px">Contrôle</h2>



<p>Le promoteur devra justifier l&rsquo;utilisation des fonds dans chacune des demandes. L&rsquo;utilisation des fonds par le promoteur sera contrôlée par une société externe à wecity.   </p>
