{"id":21788,"date":"2025-11-13T12:59:20","date_gmt":"2025-11-13T11:59:20","guid":{"rendered":"https:\/\/www.wecity.com\/oportunidades\/madrid-tva-valdemoro\/"},"modified":"2025-11-24T13:58:26","modified_gmt":"2025-11-24T12:58:26","slug":"madrid-tva-valdemoro","status":"publish","type":"oportunidades","link":"https:\/\/www.wecity.com\/fr\/opportunites\/madrid-tva-valdemoro\/","title":{"rendered":"Madrid Valdemoro Hogares"},"content":{"rendered":"\n<p>WECITY respecte les dispositions du r\u00e8glement (UE) 2020\/1503 du Parlement europ\u00e9en et du Conseil du 7 octobre 2020 relatif aux prestataires europ\u00e9ens de services de financement participatif aux entreprises et le titre V de la loi 5\/2015 relative \u00e0 la promotion du financement des entreprises, modifi\u00e9e par la loi 18\/2022 du 28 septembre relative \u00e0 la cr\u00e9ation et \u00e0 la croissance des entreprises. Il est autoris\u00e9 par la <strong>CNMV<\/strong> en tant que prestataire de services de financement participatif, enregistr\u00e9 sous le num\u00e9ro 9, avec une proposition favorable de la <strong>Banque d&rsquo;Espagne<\/strong>. <\/p>\n\n\n\n<p>Investisseur, avant d&rsquo;effectuer votre investissement, veuillez lire les <a href=\"https:\/\/www.wecity.com\/fr\/information-pour-linvestisseur\/\" target=\"_blank\" rel=\"noreferrer noopener\">informations de base pour le client investisseur<\/a>, ainsi que le <a href=\"https:\/\/www.wecity.com\/fr\/information-pour-linvestisseur\/#periodo_reflexi%C3%B3n\">d\u00e9lai de r\u00e9flexion pr\u00e9contractuel pour les investisseurs inexp\u00e9riment\u00e9s <\/a>.  <\/p>\n\n\n\n<p><strong>La peau du jeu<\/strong>:  <em>\u00a0\u00bb Conform\u00e9ment \u00e0 l&rsquo;article 8.2 du r\u00e8glement (UE) 2020\/1503 du Parlement europ\u00e9en et du Conseil du 7 octobre 2020 relatif aux apporteurs europ\u00e9ens de financement participatif, nous informons que les <a href=\"https:\/\/www.wecity.com\/fr\/equipo\/\" target=\"_blank\" rel=\"noreferrer noopener\">associ\u00e9s, dirigeants et salari\u00e9s de wecity<\/a> peuvent investir dans cette opportunit\u00e9. Ces investissements seront r\u00e9alis\u00e9s dans les m\u00eames conditions que les autres investisseurs, sans traitement pr\u00e9f\u00e9rentiel ni acc\u00e8s privil\u00e9gi\u00e9 \u00e0 l&rsquo;information. \u00a0\u00bb <\/em><\/p>\n\n\n\n<h2 class=\"wp-block-heading\">L&rsquo;investissement<\/h2>\n\n\n\n<div class=\"wp-block-group is-style-border-radius has-background\" style=\"background-color:#f5f7f6\"><div class=\"wp-block-group__inner-container is-layout-constrained wp-block-group-is-layout-constrained\">\n<ul class=\"wp-block-list\">\n<li><strong>Objet du pr\u00eat :<\/strong> <strong>financer la TVA<\/strong> correspondant \u00e0 l&rsquo;acquisition d&rsquo;un terrain \u00e0 Valdemoro, Madrid.<\/li>\n\n\n\n<li><strong>Gage de remboursement de la TVA<\/strong>: 546.000,00 \u20ac<\/li>\n\n\n\n<li><strong>Evaluation actuelle de l&rsquo;<sup>ECO2<\/sup>: <\/strong>6.121.619,00 \u20ac<\/li>\n\n\n\n<li><strong>D\u00e9lai :<\/strong> 9 mois (+3 mois d&rsquo;extension possible).<\/li>\n\n\n\n<li><strong>Obligatoire : <\/strong>6 mois.<\/li>\n\n\n\n<li><strong>Taux d&rsquo;int\u00e9r\u00eat :<\/strong> 10,50 % par an.<\/li>\n\n\n\n<li><strong>Rendement total estim\u00e9 :<\/strong> 7,87 %<\/li>\n\n\n\n<li><strong>Paiement des int\u00e9r\u00eats :<\/strong> \u00e0 l&rsquo;\u00e9ch\u00e9ance.<\/li>\n\n\n\n<li><strong>Rating<\/strong>: <a href=\"https:\/\/www.wecity.com\/fr\/modele-devaluation-des-risques\/\">A<\/a><\/li>\n\n\n\n<li><strong>Contributions :<\/strong><ul><li><strong>Promoteur : <\/strong>1.470.000,00 \u20ac<\/li><\/ul>\n<ul class=\"wp-block-list\">\n<li><strong>Pr\u00eat de wecity<\/strong>: 546.000,00 \u20ac<\/li>\n<\/ul>\n<\/li>\n\n\n\n<li><strong>Investissement minimum :<\/strong> 500 \u20ac<\/li>\n\n\n\n<li><strong>Investissement maximal :<\/strong> 500 \u20ac pour la premi\u00e8re demi-heure.<\/li>\n<\/ul>\n<\/div><\/div>\n\n\n\n<p>La coop\u00e9rative  <strong>LOS HOGARES DE LA POMARADA S. COOP. MAD,   <\/strong>soci\u00e9t\u00e9 g\u00e9r\u00e9e par <strong>Act\u00edvitas,<\/strong> demande un financement par le biais de <strong>wecity<\/strong> pour le paiement de la TVA sur l&rsquo;acquisition d&rsquo;un terrain dans la rue San Isidro, \u00e0 Valdemoro (Madrid).<\/p>\n\n\n\n<p>Le terrain a une superficie totale de 1 053,48 m<sup>2 <\/sup>et une zone constructible de 4 017,00m<sup>2<\/sup>, o\u00f9 un projet de <strong>50 logements, <\/strong>62 places de parking, 21 salles de stockage, une piscine et des espaces communs sera d\u00e9velopp\u00e9. Les logements auront de 1 \u00e0 4 chambres \u00e0 coucher.<\/p>\n\n\n\n<p>Sur le plan commercial, la coop\u00e9rative a d\u00e9j\u00e0 <strong>vendu 26 des 50 logements et <\/strong>sur le plan urbanistique, le <strong>permis de construire a d\u00e9j\u00e0 \u00e9t\u00e9 d\u00e9pos\u00e9 <\/strong>en juillet 2025.<\/p>\n\n\n\n<p>Le projet sera financ\u00e9 par un pr\u00eat de <strong>546 000 \u20ac garanti par un nantissement du remboursement total de la TVA sur l&rsquo;acquisition du terrain (546 000 \u20ac) par l&rsquo;AEAT.<\/strong><\/p>\n\n\n\n<p>La coop\u00e9rative apportera ses <strong>propres fonds d&rsquo;<\/strong> un montant de <strong>1 470 000 \u20ac<\/strong><strong> <\/strong>au moment de la signature, qui seront utilis\u00e9s pour acqu\u00e9rir les actifs et payer les frais techniques.<\/p>\n\n\n\n<p>La sortie des investisseurs <strong>urbains<\/strong> est pr\u00e9vue avec le remboursement de la TVA par l&rsquo;AEAT.<\/p>\n\n\n\n<p>Gr\u00e2ce \u00e0 wecity, vous pouvez participer \u00e0 une op\u00e9ration de <strong>pr\u00eat \u00e0 taux fixe<\/strong> avec un <strong>taux d&rsquo;int\u00e9r\u00eat annuel de 10,50 % pour une dur\u00e9e estim\u00e9e de 9 mois<\/strong> (6 mois obligatoires) avec la possibilit\u00e9 de prolonger de 3 mois suppl\u00e9mentaires<strong> <\/strong>.<\/p>\n\n\n\n<p>Le paiement des int\u00e9r\u00eats et le remboursement du capital investi seront effectu\u00e9s<strong> \u00e0 l&rsquo;\u00e9ch\u00e9ance<\/strong>.<\/p>\n\n\n\n<h2 class=\"wp-block-heading\">Le projet<\/h2>\n\n\n\n<figure class=\"wp-block-image size-large is-resized\"><img decoding=\"async\" width=\"1024\" height=\"606\" src=\"https:\/\/www.wecity.com\/wp-content\/uploads\/2025\/11\/wecity_imag_inversion_Madrid-IVA-Valdemoro_p-1-1024x606.jpg\" alt=\"\" class=\"wp-image-21746\" style=\"width:861px;height:undefinedpx\" srcset=\"https:\/\/www.wecity.com\/wp-content\/uploads\/2025\/11\/wecity_imag_inversion_Madrid-IVA-Valdemoro_p-1-1024x606.jpg 1024w, https:\/\/www.wecity.com\/wp-content\/uploads\/2025\/11\/wecity_imag_inversion_Madrid-IVA-Valdemoro_p-1-300x178.jpg 300w, https:\/\/www.wecity.com\/wp-content\/uploads\/2025\/11\/wecity_imag_inversion_Madrid-IVA-Valdemoro_p-1-768x455.jpg 768w, https:\/\/www.wecity.com\/wp-content\/uploads\/2025\/11\/wecity_imag_inversion_Madrid-IVA-Valdemoro_p-1-1536x909.jpg 1536w, https:\/\/www.wecity.com\/wp-content\/uploads\/2025\/11\/wecity_imag_inversion_Madrid-IVA-Valdemoro_p-1.jpg 1716w\" sizes=\"(max-width: 1024px) 100vw, 1024px\" \/><\/figure>\n\n\n\n<figure class=\"wp-block-image size-large is-resized\"><img decoding=\"async\" width=\"1024\" height=\"606\" src=\"https:\/\/www.wecity.com\/wp-content\/uploads\/2025\/11\/wecity_imag_inversion_Madrid-IVA-Valdemoro-1-1024x606.jpg\" alt=\"\" class=\"wp-image-21750\" style=\"width:861px;height:undefinedpx\" srcset=\"https:\/\/www.wecity.com\/wp-content\/uploads\/2025\/11\/wecity_imag_inversion_Madrid-IVA-Valdemoro-1-1024x606.jpg 1024w, https:\/\/www.wecity.com\/wp-content\/uploads\/2025\/11\/wecity_imag_inversion_Madrid-IVA-Valdemoro-1-300x178.jpg 300w, https:\/\/www.wecity.com\/wp-content\/uploads\/2025\/11\/wecity_imag_inversion_Madrid-IVA-Valdemoro-1-768x455.jpg 768w, https:\/\/www.wecity.com\/wp-content\/uploads\/2025\/11\/wecity_imag_inversion_Madrid-IVA-Valdemoro-1-1536x909.jpg 1536w, https:\/\/www.wecity.com\/wp-content\/uploads\/2025\/11\/wecity_imag_inversion_Madrid-IVA-Valdemoro-1.jpg 1716w\" sizes=\"(max-width: 1024px) 100vw, 1024px\" \/><\/figure>\n\n\n\n<figure class=\"wp-block-image size-large is-resized\"><img decoding=\"async\" width=\"1024\" height=\"606\" src=\"https:\/\/www.wecity.com\/wp-content\/uploads\/2025\/11\/wecity_imag_inversion_Madrid-IVA-Valdemoro-1024x606.jpg\" alt=\"\" class=\"wp-image-21754\" style=\"width:861px;height:undefinedpx\" srcset=\"https:\/\/www.wecity.com\/wp-content\/uploads\/2025\/11\/wecity_imag_inversion_Madrid-IVA-Valdemoro-1024x606.jpg 1024w, https:\/\/www.wecity.com\/wp-content\/uploads\/2025\/11\/wecity_imag_inversion_Madrid-IVA-Valdemoro-300x178.jpg 300w, https:\/\/www.wecity.com\/wp-content\/uploads\/2025\/11\/wecity_imag_inversion_Madrid-IVA-Valdemoro-768x455.jpg 768w, https:\/\/www.wecity.com\/wp-content\/uploads\/2025\/11\/wecity_imag_inversion_Madrid-IVA-Valdemoro-1536x909.jpg 1536w, https:\/\/www.wecity.com\/wp-content\/uploads\/2025\/11\/wecity_imag_inversion_Madrid-IVA-Valdemoro.jpg 1716w\" sizes=\"(max-width: 1024px) 100vw, 1024px\" \/><\/figure>\n\n\n\n<h2 class=\"wp-block-heading\">Situation et environnement<\/h2>\n\n\n\n<iframe src=\"https:\/\/www.google.com\/maps\/embed?pb=!1m14!1m8!1m3!1d711.3259778897452!2d-3.6771737!3d40.193722!3m2!1i1024!2i768!4f13.1!3m3!1m2!1s0xd421ec6b239b7fd%3A0xcfd546087dee8a8c!2sC.%20San%20Isidro%2C%2028342%20Valdemoro%2C%20Madrid!5e1!3m2!1ses!2ses!4v1763035139736!5m2!1ses!2ses\" width=\"600\" height=\"450\" style=\"border:0;\" allowfullscreen=\"\" loading=\"lazy\" referrerpolicy=\"no-referrer-when-downgrade\"><\/iframe>\n\n\n\n<p>La zone de <strong>San Isidro \u00e0 Valdemoro (Madrid)<\/strong> est une zone r\u00e9sidentielle consolid\u00e9e, avec des b\u00e2timents r\u00e9sidentiels et des services de base accessibles \u00e0 pied. Il est proche du centre de Valdemoro et dispose de commerces, d&rsquo;\u00e9coles et de zones d&rsquo;utilisation quotidienne. <\/p>\n\n\n\n<p>Il est \u00e9galement bien reli\u00e9 \u00e0 l&rsquo;<strong>autoroute A-4<\/strong>, \u00e0 la gare de <strong>Valdemoro Cercan\u00edas<\/strong> et \u00e0 plusieurs lignes de bus, et se trouve \u00e0 proximit\u00e9 de zones d&rsquo;int\u00e9r\u00eat telles que le <strong>parc Enrique Tierno Galv\u00e1n<\/strong>, l&rsquo;<strong>h\u00f4pital Infanta Elena<\/strong> et la zone commerciale de la municipalit\u00e9.<\/p>\n\n\n\n<h2 class=\"wp-block-heading\">Garanties mises en gage<\/h2>\n\n\n\n<p>Dans ce projet, la garantie est le remboursement par l&rsquo;Agence fiscale (AEAT) des montants pay\u00e9s au titre de la TVA, en l&rsquo;occurrence <strong>546 000,00 \u20ac.<\/strong><\/p>\n\n\n\n<h2 class=\"wp-block-heading\">Agent de garantie<\/h2>\n\n\n\n<p>La cr\u00e9ation, la maintenance, la gestion, l&rsquo;administration et, le cas \u00e9ch\u00e9ant, l&rsquo;ex\u00e9cution du gage au nom des investisseurs de la wecity sont effectu\u00e9es par une entit\u00e9 externe.<\/p>\n\n\n\n<p>Dans ce cas, l&rsquo;agent de garantie d\u00e9sign\u00e9 sera celui indiqu\u00e9 dans le contrat de pr\u00eat.  <\/p>\n\n\n\n<div style=\"height:16px\" aria-hidden=\"true\" class=\"wp-block-spacer\"><\/div>\n\n\n\n<h2 class=\"wp-block-heading\" style=\"font-size:24px\">Evaluation<\/h2>\n\n\n\n<p>wecity, en tant que fournisseur de services de crowdfunding et conform\u00e9ment au r\u00e8glement d\u00e9l\u00e9gu\u00e9 (UE) 2024\/358 compl\u00e9tant le r\u00e8glement (UE) 2020\/1503 du Parlement europ\u00e9en et du Conseil, fournit une <a href=\"https:\/\/www.wecity.com\/fr\/modele-devaluation-des-risques\/\" target=\"_blank\" rel=\"noreferrer noopener\">description de la m\u00e9thode de notation de cr\u00e9dit<\/a><br> des projets utilis\u00e9s pour calculer les notations. Si le calcul est bas\u00e9 sur des comptes qui n&rsquo;ont pas \u00e9t\u00e9 audit\u00e9s, cela doit \u00eatre clairement indiqu\u00e9 dans la description de la m\u00e9thode. <\/p>\n\n\n\n<h2 class=\"wp-block-heading\" style=\"font-size:24px\">Contr\u00f4le<\/h2>\n\n\n\n<p>Le promoteur devra justifier l&rsquo;utilisation des fonds dans chacune des demandes. L&rsquo;utilisation des fonds par le promoteur sera contr\u00f4l\u00e9e par une soci\u00e9t\u00e9 externe \u00e0 wecity.   <\/p>\n\n\n\n<p><\/p>\n","protected":false},"featured_media":21756,"template":"","class_list":["post-21788","oportunidades","type-oportunidades","status-publish","has-post-thumbnail","hentry"],"acf":[],"_links":{"self":[{"href":"https:\/\/www.wecity.com\/fr\/wp-json\/wp\/v2\/oportunidades\/21788","targetHints":{"allow":["GET"]}}],"collection":[{"href":"https:\/\/www.wecity.com\/fr\/wp-json\/wp\/v2\/oportunidades"}],"about":[{"href":"https:\/\/www.wecity.com\/fr\/wp-json\/wp\/v2\/types\/oportunidades"}],"wp:featuredmedia":[{"embeddable":true,"href":"https:\/\/www.wecity.com\/fr\/wp-json\/wp\/v2\/media\/21756"}],"wp:attachment":[{"href":"https:\/\/www.wecity.com\/fr\/wp-json\/wp\/v2\/media?parent=21788"}],"curies":[{"name":"wp","href":"https:\/\/api.w.org\/{rel}","templated":true}]}}

<p>WECITY respecte les dispositions du règlement (UE) 2020/1503 du Parlement européen et du Conseil du 7 octobre 2020 relatif aux prestataires européens de services de financement participatif aux entreprises et le titre V de la loi 5/2015 relative à la promotion du financement des entreprises, modifiée par la loi 18/2022 du 28 septembre relative à la création et à la croissance des entreprises. Il est autorisé par la <strong>CNMV</strong> en tant que prestataire de services de financement participatif, enregistré sous le numéro 9, avec une proposition favorable de la <strong>Banque d&rsquo;Espagne</strong>. </p>



<p>Investisseur, avant d&rsquo;effectuer votre investissement, veuillez lire les <a href="https://www.wecity.com/fr/information-pour-linvestisseur/" target="_blank" rel="noreferrer noopener">informations de base pour le client investisseur</a>, ainsi que le <a href="https://www.wecity.com/fr/information-pour-linvestisseur/#periodo_reflexi%C3%B3n">délai de réflexion précontractuel pour les investisseurs inexpérimentés </a>.  </p>



<p><strong>La peau du jeu</strong>:  <em> » Conformément à l&rsquo;article 8.2 du règlement (UE) 2020/1503 du Parlement européen et du Conseil du 7 octobre 2020 relatif aux apporteurs européens de financement participatif, nous informons que les <a href="https://www.wecity.com/fr/equipo/" target="_blank" rel="noreferrer noopener">associés, dirigeants et salariés de wecity</a> peuvent investir dans cette opportunité. Ces investissements seront réalisés dans les mêmes conditions que les autres investisseurs, sans traitement préférentiel ni accès privilégié à l&rsquo;information.  » </em></p>



<h2 class="wp-block-heading">L&rsquo;investissement</h2>



<div class="wp-block-group is-style-border-radius has-background" style="background-color:#f5f7f6"><div class="wp-block-group__inner-container is-layout-constrained wp-block-group-is-layout-constrained">
<ul class="wp-block-list">
<li><strong>Objet du prêt :</strong> <strong>financer la TVA</strong> correspondant à l&rsquo;acquisition d&rsquo;un terrain à Valdemoro, Madrid.</li>



<li><strong>Gage de remboursement de la TVA</strong>: 546.000,00 €</li>



<li><strong>Evaluation actuelle de l&rsquo;<sup>ECO2</sup>: </strong>6.121.619,00 €</li>



<li><strong>Délai :</strong> 9 mois (+3 mois d&rsquo;extension possible).</li>



<li><strong>Obligatoire : </strong>6 mois.</li>



<li><strong>Taux d&rsquo;intérêt :</strong> 10,50 % par an.</li>



<li><strong>Rendement total estimé :</strong> 7,87 %</li>



<li><strong>Paiement des intérêts :</strong> à l&rsquo;échéance.</li>



<li><strong>Rating</strong>: <a href="https://www.wecity.com/fr/modele-devaluation-des-risques/">A</a></li>



<li><strong>Contributions :</strong><ul><li><strong>Promoteur : </strong>1.470.000,00 €</li></ul>
<ul class="wp-block-list">
<li><strong>Prêt de wecity</strong>: 546.000,00 €</li>
</ul>
</li>



<li><strong>Investissement minimum :</strong> 500 €</li>



<li><strong>Investissement maximal :</strong> 500 € pour la première demi-heure.</li>
</ul>
</div></div>



<p>La coopérative  <strong>LOS HOGARES DE LA POMARADA S. COOP. MAD,   </strong>société gérée par <strong>Actívitas,</strong> demande un financement par le biais de <strong>wecity</strong> pour le paiement de la TVA sur l&rsquo;acquisition d&rsquo;un terrain dans la rue San Isidro, à Valdemoro (Madrid).</p>



<p>Le terrain a une superficie totale de 1 053,48 m<sup>2 </sup>et une zone constructible de 4 017,00m<sup>2</sup>, où un projet de <strong>50 logements, </strong>62 places de parking, 21 salles de stockage, une piscine et des espaces communs sera développé. Les logements auront de 1 à 4 chambres à coucher.</p>



<p>Sur le plan commercial, la coopérative a déjà <strong>vendu 26 des 50 logements et </strong>sur le plan urbanistique, le <strong>permis de construire a déjà été déposé </strong>en juillet 2025.</p>



<p>Le projet sera financé par un prêt de <strong>546 000 € garanti par un nantissement du remboursement total de la TVA sur l&rsquo;acquisition du terrain (546 000 €) par l&rsquo;AEAT.</strong></p>



<p>La coopérative apportera ses <strong>propres fonds d&rsquo;</strong> un montant de <strong>1 470 000 €</strong><strong> </strong>au moment de la signature, qui seront utilisés pour acquérir les actifs et payer les frais techniques.</p>



<p>La sortie des investisseurs <strong>urbains</strong> est prévue avec le remboursement de la TVA par l&rsquo;AEAT.</p>



<p>Grâce à wecity, vous pouvez participer à une opération de <strong>prêt à taux fixe</strong> avec un <strong>taux d&rsquo;intérêt annuel de 10,50 % pour une durée estimée de 9 mois</strong> (6 mois obligatoires) avec la possibilité de prolonger de 3 mois supplémentaires<strong> </strong>.</p>



<p>Le paiement des intérêts et le remboursement du capital investi seront effectués<strong> à l&rsquo;échéance</strong>.</p>



<h2 class="wp-block-heading">Le projet</h2>



<figure class="wp-block-image size-large is-resized"><img decoding="async" width="1024" height="606" src="https://www.wecity.com/wp-content/uploads/2025/11/wecity_imag_inversion_Madrid-IVA-Valdemoro_p-1-1024x606.jpg" alt="" class="wp-image-21746" style="width:861px;height:undefinedpx" srcset="https://www.wecity.com/wp-content/uploads/2025/11/wecity_imag_inversion_Madrid-IVA-Valdemoro_p-1-1024x606.jpg 1024w, https://www.wecity.com/wp-content/uploads/2025/11/wecity_imag_inversion_Madrid-IVA-Valdemoro_p-1-300x178.jpg 300w, https://www.wecity.com/wp-content/uploads/2025/11/wecity_imag_inversion_Madrid-IVA-Valdemoro_p-1-768x455.jpg 768w, https://www.wecity.com/wp-content/uploads/2025/11/wecity_imag_inversion_Madrid-IVA-Valdemoro_p-1-1536x909.jpg 1536w, https://www.wecity.com/wp-content/uploads/2025/11/wecity_imag_inversion_Madrid-IVA-Valdemoro_p-1.jpg 1716w" sizes="(max-width: 1024px) 100vw, 1024px" /></figure>



<figure class="wp-block-image size-large is-resized"><img decoding="async" width="1024" height="606" src="https://www.wecity.com/wp-content/uploads/2025/11/wecity_imag_inversion_Madrid-IVA-Valdemoro-1-1024x606.jpg" alt="" class="wp-image-21750" style="width:861px;height:undefinedpx" srcset="https://www.wecity.com/wp-content/uploads/2025/11/wecity_imag_inversion_Madrid-IVA-Valdemoro-1-1024x606.jpg 1024w, https://www.wecity.com/wp-content/uploads/2025/11/wecity_imag_inversion_Madrid-IVA-Valdemoro-1-300x178.jpg 300w, https://www.wecity.com/wp-content/uploads/2025/11/wecity_imag_inversion_Madrid-IVA-Valdemoro-1-768x455.jpg 768w, https://www.wecity.com/wp-content/uploads/2025/11/wecity_imag_inversion_Madrid-IVA-Valdemoro-1-1536x909.jpg 1536w, https://www.wecity.com/wp-content/uploads/2025/11/wecity_imag_inversion_Madrid-IVA-Valdemoro-1.jpg 1716w" sizes="(max-width: 1024px) 100vw, 1024px" /></figure>



<figure class="wp-block-image size-large is-resized"><img decoding="async" width="1024" height="606" src="https://www.wecity.com/wp-content/uploads/2025/11/wecity_imag_inversion_Madrid-IVA-Valdemoro-1024x606.jpg" alt="" class="wp-image-21754" style="width:861px;height:undefinedpx" srcset="https://www.wecity.com/wp-content/uploads/2025/11/wecity_imag_inversion_Madrid-IVA-Valdemoro-1024x606.jpg 1024w, https://www.wecity.com/wp-content/uploads/2025/11/wecity_imag_inversion_Madrid-IVA-Valdemoro-300x178.jpg 300w, https://www.wecity.com/wp-content/uploads/2025/11/wecity_imag_inversion_Madrid-IVA-Valdemoro-768x455.jpg 768w, https://www.wecity.com/wp-content/uploads/2025/11/wecity_imag_inversion_Madrid-IVA-Valdemoro-1536x909.jpg 1536w, https://www.wecity.com/wp-content/uploads/2025/11/wecity_imag_inversion_Madrid-IVA-Valdemoro.jpg 1716w" sizes="(max-width: 1024px) 100vw, 1024px" /></figure>



<h2 class="wp-block-heading">Situation et environnement</h2>



<iframe src="https://www.google.com/maps/embed?pb=!1m14!1m8!1m3!1d711.3259778897452!2d-3.6771737!3d40.193722!3m2!1i1024!2i768!4f13.1!3m3!1m2!1s0xd421ec6b239b7fd%3A0xcfd546087dee8a8c!2sC.%20San%20Isidro%2C%2028342%20Valdemoro%2C%20Madrid!5e1!3m2!1ses!2ses!4v1763035139736!5m2!1ses!2ses" width="600" height="450" style="border:0;" allowfullscreen="" loading="lazy" referrerpolicy="no-referrer-when-downgrade"></iframe>



<p>La zone de <strong>San Isidro à Valdemoro (Madrid)</strong> est une zone résidentielle consolidée, avec des bâtiments résidentiels et des services de base accessibles à pied. Il est proche du centre de Valdemoro et dispose de commerces, d&rsquo;écoles et de zones d&rsquo;utilisation quotidienne. </p>



<p>Il est également bien relié à l&rsquo;<strong>autoroute A-4</strong>, à la gare de <strong>Valdemoro Cercanías</strong> et à plusieurs lignes de bus, et se trouve à proximité de zones d&rsquo;intérêt telles que le <strong>parc Enrique Tierno Galván</strong>, l&rsquo;<strong>hôpital Infanta Elena</strong> et la zone commerciale de la municipalité.</p>



<h2 class="wp-block-heading">Garanties mises en gage</h2>



<p>Dans ce projet, la garantie est le remboursement par l&rsquo;Agence fiscale (AEAT) des montants payés au titre de la TVA, en l&rsquo;occurrence <strong>546 000,00 €.</strong></p>



<h2 class="wp-block-heading">Agent de garantie</h2>



<p>La création, la maintenance, la gestion, l&rsquo;administration et, le cas échéant, l&rsquo;exécution du gage au nom des investisseurs de la wecity sont effectuées par une entité externe.</p>



<p>Dans ce cas, l&rsquo;agent de garantie désigné sera celui indiqué dans le contrat de prêt.  </p>



<div style="height:16px" aria-hidden="true" class="wp-block-spacer"></div>



<h2 class="wp-block-heading" style="font-size:24px">Evaluation</h2>



<p>wecity, en tant que fournisseur de services de crowdfunding et conformément au règlement délégué (UE) 2024/358 complétant le règlement (UE) 2020/1503 du Parlement européen et du Conseil, fournit une <a href="https://www.wecity.com/fr/modele-devaluation-des-risques/" target="_blank" rel="noreferrer noopener">description de la méthode de notation de crédit</a><br> des projets utilisés pour calculer les notations. Si le calcul est basé sur des comptes qui n&rsquo;ont pas été audités, cela doit être clairement indiqué dans la description de la méthode. </p>



<h2 class="wp-block-heading" style="font-size:24px">Contrôle</h2>



<p>Le promoteur devra justifier l&rsquo;utilisation des fonds dans chacune des demandes. L&rsquo;utilisation des fonds par le promoteur sera contrôlée par une société externe à wecity.   </p>



<p></p>
