{"id":20358,"date":"2025-07-24T12:38:11","date_gmt":"2025-07-24T10:38:11","guid":{"rendered":"https:\/\/www.wecity.com\/oportunidades\/valence-patraix\/"},"modified":"2025-07-30T10:04:41","modified_gmt":"2025-07-30T08:04:41","slug":"valence-patraix","status":"publish","type":"oportunidades","link":"https:\/\/www.wecity.com\/fr\/opportunites\/valence-patraix\/","title":{"rendered":"Valence-Patraix"},"content":{"rendered":"\n<p>WECITY respecte les dispositions du r\u00e8glement (UE) 2020\/1503 du Parlement europ\u00e9en et du Conseil du 7 octobre 2020 relatif aux prestataires europ\u00e9ens de services de financement participatif aux entreprises et le titre V de la loi 5\/2015 relative \u00e0 la promotion du financement des entreprises, modifi\u00e9e par la loi 18\/2022 du 28 septembre relative \u00e0 la cr\u00e9ation et \u00e0 la croissance des entreprises. Il est autoris\u00e9 par la <strong>CNMV<\/strong> en tant que prestataire de services de financement participatif, enregistr\u00e9 sous le num\u00e9ro 9, avec une proposition favorable de la <strong>Banque d&rsquo;Espagne<\/strong>. <\/p>\n\n\n\n<p>Investisseur, avant d&rsquo;effectuer votre investissement, veuillez lire les <a href=\"https:\/\/www.wecity.com\/fr\/information-pour-linvestisseur\/\" target=\"_blank\" rel=\"noreferrer noopener\">informations de base pour le client investisseur<\/a>, ainsi que le <a href=\"https:\/\/www.wecity.com\/fr\/information-pour-linvestisseur\/#periodo_reflexi%C3%B3n\">d\u00e9lai de r\u00e9flexion pr\u00e9contractuel pour les investisseurs inexp\u00e9riment\u00e9s <\/a>.  <\/p>\n\n\n\n<p><strong>La peau du jeu<\/strong>:  <em>\u00a0\u00bb Conform\u00e9ment \u00e0 l&rsquo;article 8.2 du r\u00e8glement (UE) 2020\/1503 du Parlement europ\u00e9en et du Conseil du 7 octobre 2020 relatif aux fournisseurs europ\u00e9ens de financement participatif, nous vous informons que les <a href=\"https:\/\/www.wecity.com\/fr\/equipo\/\" target=\"_blank\" rel=\"noreferrer noopener\">associ\u00e9s, dirigeants et salari\u00e9s de wecity<\/a> peuvent investir dans cette opportunit\u00e9. Ces investissements seront r\u00e9alis\u00e9s dans les m\u00eames conditions que les autres investisseurs, sans traitement pr\u00e9f\u00e9rentiel ni acc\u00e8s privil\u00e9gi\u00e9 \u00e0 l&rsquo;information. \u00a0\u00bb <\/em><\/p>\n\n\n\n<h2 class=\"wp-block-heading\">L&rsquo;investissement<\/h2>\n\n\n\n<div class=\"wp-block-group is-style-border-radius has-background\" style=\"background-color:#f5f7f6\"><div class=\"wp-block-group__inner-container is-layout-constrained wp-block-group-is-layout-constrained\">\n<ul class=\"wp-block-list\">\n<li><strong>Objet du pr\u00eat :<\/strong> financement de la TVA.<\/li>\n\n\n\n<li><strong>Garantie :<\/strong> Promesse de remboursement de la TVA (577 500 \u20ac)<strong> <\/strong><\/li>\n\n\n\n<li><strong>D\u00e9lai :<\/strong> 9 mois (+3 mois de prolongation possible)<\/li>\n\n\n\n<li><strong>Obligatoire : <\/strong>6 mois.<\/li>\n\n\n\n<li><strong>Taux d&rsquo;int\u00e9r\u00eat :<\/strong> 11 % par an.<\/li>\n\n\n\n<li><strong>Rendement total estim\u00e9 :<\/strong> 8,25 %<\/li>\n\n\n\n<li><strong>Paiements d&rsquo;int\u00e9r\u00eats :<\/strong> \u00e0 l&rsquo;\u00e9ch\u00e9ance.<\/li>\n\n\n\n<li><strong>Rating:<\/strong> <a href=\"https:\/\/www.wecity.com\/fr\/modele-devaluation-des-risques\/\">A<\/a><\/li>\n\n\n\n<li><strong>Contributions :<\/strong><ul><li><strong>Promoteur :<\/strong> 2.808.043,12 \u20ac<\/li><\/ul>\n<ul class=\"wp-block-list\">\n<li><strong>Pr\u00eat de Wecity<\/strong>: 575.000,00 \u20ac<\/li>\n<\/ul>\n<\/li>\n\n\n\n<li><strong>Investissement minimum :<\/strong> 500 \u20ac<\/li>\n\n\n\n<li><strong>Investissement maximum :<\/strong> 500 \u20ac pour la premi\u00e8re demi-heure.<\/li>\n<\/ul>\n<\/div><\/div>\n\n\n\n<p>Le promoteur <strong>Living Suites Valencia 2024 SL<\/strong>, demande un financement par le biais de <strong>wecity<\/strong> pour le paiement de la TVA correspondant \u00e0 l&rsquo;acquisition d&rsquo;un terrain situ\u00e9 \u00e0 <strong>Patraix, Valence,<\/strong> o\u00f9 62 appartements touristiques doivent \u00eatre d\u00e9velopp\u00e9s.<\/p>\n\n\n\n<p>Le site a une superficie de 1 250,00 m2 et le projet \u00e0 d\u00e9velopper aura une surface construite de 2 916,18 m2.<\/p>\n\n\n\n<p>Le promoteur a d\u00e9j\u00e0 acquis l&rsquo;actif pour un montant de 2 750 000 euros, et il est en attente d&rsquo;un paiement diff\u00e9r\u00e9 de la TVA sur l&rsquo;acquisition de 577 500 euros. En outre, le <strong>permis de construire<\/strong> est d\u00e9j\u00e0 en place et les travaux ont d\u00e9j\u00e0 commenc\u00e9. <\/p>\n\n\n\n<p>Le projet sera financ\u00e9 par un <strong>pr\u00eat \u00e0 taux fixe de 575 000 euros<\/strong>, qui sera garanti par un nantissement du remboursement total de la TVA (577 500 euros) et aura une dur\u00e9e de 9 mois (+3 mois d&rsquo;extension possible).<\/p>\n\n\n\n<p>\u00c0 ce jour, le promoteur a apport\u00e9 ses propres fonds d&rsquo;un montant de <strong>2 750 000 euros<\/strong>, qui ont servi \u00e0 l&rsquo;acquisition du terrain, et devra apporter 58 043,12 euros suppl\u00e9mentaires pour finir de payer la TVA sur l&rsquo;acquisition, soit un total de 2 808 043,12 euros<strong>. <\/strong><\/p>\n\n\n\n<p>Par le biais de wecity, vous pouvez participer \u00e0 une op\u00e9ration de <strong>pr\u00eat \u00e0 taux fixe<\/strong> avec un <strong>taux d&rsquo;int\u00e9r\u00eat annuel de 11% pour une dur\u00e9e estim\u00e9e de 9 mois<\/strong> (6 mois obligatoires) avec la possibilit\u00e9 de prolonger de 3 mois suppl\u00e9mentaires sur<strong> <\/strong>.<\/p>\n\n\n\n<p>Le paiement des int\u00e9r\u00eats et le remboursement du capital investi seront effectu\u00e9s<strong> \u00e0 l&rsquo;\u00e9ch\u00e9ance<\/strong>.<\/p>\n\n\n\n<h2 class=\"wp-block-heading\">Le projet<\/h2>\n\n\n\n<figure class=\"wp-block-image size-large is-resized\"><img decoding=\"async\" width=\"1024\" height=\"761\" src=\"https:\/\/www.wecity.com\/wp-content\/uploads\/2025\/07\/wecity_imag_inversion_Valencia-Patraix_00-1024x761.jpg\" alt=\"\" class=\"wp-image-20348\" style=\"width:1200px;height:auto\" srcset=\"https:\/\/www.wecity.com\/wp-content\/uploads\/2025\/07\/wecity_imag_inversion_Valencia-Patraix_00-1024x761.jpg 1024w, https:\/\/www.wecity.com\/wp-content\/uploads\/2025\/07\/wecity_imag_inversion_Valencia-Patraix_00-300x223.jpg 300w, https:\/\/www.wecity.com\/wp-content\/uploads\/2025\/07\/wecity_imag_inversion_Valencia-Patraix_00-768x571.jpg 768w, https:\/\/www.wecity.com\/wp-content\/uploads\/2025\/07\/wecity_imag_inversion_Valencia-Patraix_00-1536x1142.jpg 1536w, https:\/\/www.wecity.com\/wp-content\/uploads\/2025\/07\/wecity_imag_inversion_Valencia-Patraix_00-2048x1523.jpg 2048w\" sizes=\"(max-width: 1024px) 100vw, 1024px\" \/><\/figure>\n\n\n\n<h2 class=\"wp-block-heading\">Situation et environnement<\/h2>\n\n\n\n<iframe src=\"https:\/\/www.google.com\/maps\/embed?pb=!1m16!1m12!1m3!1d1436.4780007361894!2d-0.3949143034013212!3d39.45114938812274!2m3!1f0!2f0!3f0!3m2!1i1024!2i768!4f13.1!2m1!1sPPR-9%20Patraix%20del%20PGPU%20valencia!5e1!3m2!1ses!2ses!4v1753353964274!5m2!1ses!2ses\" width=\"800\" height=\"600\" style=\"border:0;\" allowfullscreen=\"\" loading=\"lazy\" referrerpolicy=\"no-referrer-when-downgrade\"><\/iframe>\n\n\n\n<p><strong>Patraix : Opportunit\u00e9 immobili\u00e8re en pleine croissance.<\/strong><\/p>\n\n\n\n<p>Patraix s&rsquo;est impos\u00e9 comme l&rsquo;un des quartiers les plus prometteurs de Valence. Sa situation strat\u00e9gique, sa forte demande locative et ses prix encore accessibles en font un point cl\u00e9 pour les investisseurs \u00e0 la recherche d&rsquo;une rentabilit\u00e9 soutenue et d&rsquo;un risque faible. <\/p>\n\n\n\n<p>Investir \u00e0 Patraix, c&rsquo;est anticiper la croissance immobili\u00e8re de Valence, une ville en pleine expansion et d&rsquo;une grande attractivit\u00e9 nationale et internationale.<\/p>\n\n\n\n<h2 class=\"wp-block-heading\">Garantie hypoth\u00e9caire<\/h2>\n\n\n\n<p>Dans ce projet, la garantie est le remboursement par l&rsquo;Agence fiscale (AEAT) des montants pay\u00e9s au titre de la TVA, en l&rsquo;occurrence <strong>577 500 euros.<\/strong><\/p>\n\n\n\n<h2 class=\"wp-block-heading\">Agent de garantie<\/h2>\n\n\n\n<p>La cr\u00e9ation, la maintenance, la gestion, l&rsquo;administration et, le cas \u00e9ch\u00e9ant, l&rsquo;ex\u00e9cution du gage au nom des investisseurs de la wecity sont effectu\u00e9es par une entit\u00e9 externe.<\/p>\n\n\n\n<p>Dans ce cas, l&rsquo;agent de garantie d\u00e9sign\u00e9 sera celui indiqu\u00e9 dans le contrat de pr\u00eat.  <\/p>\n\n\n\n<div style=\"height:16px\" aria-hidden=\"true\" class=\"wp-block-spacer\"><\/div>\n\n\n\n<h2 class=\"wp-block-heading\" style=\"font-size:24px\">Evaluation<\/h2>\n\n\n\n<p>wecity, en tant que fournisseur de services de crowdfunding et conform\u00e9ment au r\u00e8glement d\u00e9l\u00e9gu\u00e9 (UE) 2024\/358 compl\u00e9tant le r\u00e8glement (UE) 2020\/1503 du Parlement europ\u00e9en et du Conseil, fournit une <a href=\"https:\/\/www.wecity.com\/fr\/modele-devaluation-des-risques\/\" target=\"_blank\" rel=\"noreferrer noopener\">description de la m\u00e9thode de notation de cr\u00e9dit<\/a><br> des projets utilis\u00e9s pour calculer les notations. Si le calcul est fond\u00e9 sur des comptes non audit\u00e9s, cela doit \u00eatre clairement indiqu\u00e9 dans la description de la m\u00e9thode. <\/p>\n\n\n\n<h2 class=\"wp-block-heading\" style=\"font-size:24px\">Contr\u00f4le<\/h2>\n\n\n\n<p>Le promoteur devra justifier l&rsquo;utilisation des fonds dans chacune des demandes. L&rsquo;utilisation des fonds par le promoteur sera contr\u00f4l\u00e9e par une soci\u00e9t\u00e9 externe \u00e0 wecity.   <\/p>\n\n\n\n<p><\/p>\n","protected":false},"featured_media":20330,"template":"","class_list":["post-20358","oportunidades","type-oportunidades","status-publish","has-post-thumbnail","hentry"],"acf":[],"_links":{"self":[{"href":"https:\/\/www.wecity.com\/fr\/wp-json\/wp\/v2\/oportunidades\/20358","targetHints":{"allow":["GET"]}}],"collection":[{"href":"https:\/\/www.wecity.com\/fr\/wp-json\/wp\/v2\/oportunidades"}],"about":[{"href":"https:\/\/www.wecity.com\/fr\/wp-json\/wp\/v2\/types\/oportunidades"}],"wp:featuredmedia":[{"embeddable":true,"href":"https:\/\/www.wecity.com\/fr\/wp-json\/wp\/v2\/media\/20330"}],"wp:attachment":[{"href":"https:\/\/www.wecity.com\/fr\/wp-json\/wp\/v2\/media?parent=20358"}],"curies":[{"name":"wp","href":"https:\/\/api.w.org\/{rel}","templated":true}]}}

<p>WECITY respecte les dispositions du règlement (UE) 2020/1503 du Parlement européen et du Conseil du 7 octobre 2020 relatif aux prestataires européens de services de financement participatif aux entreprises et le titre V de la loi 5/2015 relative à la promotion du financement des entreprises, modifiée par la loi 18/2022 du 28 septembre relative à la création et à la croissance des entreprises. Il est autorisé par la <strong>CNMV</strong> en tant que prestataire de services de financement participatif, enregistré sous le numéro 9, avec une proposition favorable de la <strong>Banque d&rsquo;Espagne</strong>. </p>



<p>Investisseur, avant d&rsquo;effectuer votre investissement, veuillez lire les <a href="https://www.wecity.com/fr/information-pour-linvestisseur/" target="_blank" rel="noreferrer noopener">informations de base pour le client investisseur</a>, ainsi que le <a href="https://www.wecity.com/fr/information-pour-linvestisseur/#periodo_reflexi%C3%B3n">délai de réflexion précontractuel pour les investisseurs inexpérimentés </a>.  </p>



<p><strong>La peau du jeu</strong>:  <em> » Conformément à l&rsquo;article 8.2 du règlement (UE) 2020/1503 du Parlement européen et du Conseil du 7 octobre 2020 relatif aux fournisseurs européens de financement participatif, nous vous informons que les <a href="https://www.wecity.com/fr/equipo/" target="_blank" rel="noreferrer noopener">associés, dirigeants et salariés de wecity</a> peuvent investir dans cette opportunité. Ces investissements seront réalisés dans les mêmes conditions que les autres investisseurs, sans traitement préférentiel ni accès privilégié à l&rsquo;information.  » </em></p>



<h2 class="wp-block-heading">L&rsquo;investissement</h2>



<div class="wp-block-group is-style-border-radius has-background" style="background-color:#f5f7f6"><div class="wp-block-group__inner-container is-layout-constrained wp-block-group-is-layout-constrained">
<ul class="wp-block-list">
<li><strong>Objet du prêt :</strong> financement de la TVA.</li>



<li><strong>Garantie :</strong> Promesse de remboursement de la TVA (577 500 €)<strong> </strong></li>



<li><strong>Délai :</strong> 9 mois (+3 mois de prolongation possible)</li>



<li><strong>Obligatoire : </strong>6 mois.</li>



<li><strong>Taux d&rsquo;intérêt :</strong> 11 % par an.</li>



<li><strong>Rendement total estimé :</strong> 8,25 %</li>



<li><strong>Paiements d&rsquo;intérêts :</strong> à l&rsquo;échéance.</li>



<li><strong>Rating:</strong> <a href="https://www.wecity.com/fr/modele-devaluation-des-risques/">A</a></li>



<li><strong>Contributions :</strong><ul><li><strong>Promoteur :</strong> 2.808.043,12 €</li></ul>
<ul class="wp-block-list">
<li><strong>Prêt de Wecity</strong>: 575.000,00 €</li>
</ul>
</li>



<li><strong>Investissement minimum :</strong> 500 €</li>



<li><strong>Investissement maximum :</strong> 500 € pour la première demi-heure.</li>
</ul>
</div></div>



<p>Le promoteur <strong>Living Suites Valencia 2024 SL</strong>, demande un financement par le biais de <strong>wecity</strong> pour le paiement de la TVA correspondant à l&rsquo;acquisition d&rsquo;un terrain situé à <strong>Patraix, Valence,</strong> où 62 appartements touristiques doivent être développés.</p>



<p>Le site a une superficie de 1 250,00 m2 et le projet à développer aura une surface construite de 2 916,18 m2.</p>



<p>Le promoteur a déjà acquis l&rsquo;actif pour un montant de 2 750 000 euros, et il est en attente d&rsquo;un paiement différé de la TVA sur l&rsquo;acquisition de 577 500 euros. En outre, le <strong>permis de construire</strong> est déjà en place et les travaux ont déjà commencé. </p>



<p>Le projet sera financé par un <strong>prêt à taux fixe de 575 000 euros</strong>, qui sera garanti par un nantissement du remboursement total de la TVA (577 500 euros) et aura une durée de 9 mois (+3 mois d&rsquo;extension possible).</p>



<p>À ce jour, le promoteur a apporté ses propres fonds d&rsquo;un montant de <strong>2 750 000 euros</strong>, qui ont servi à l&rsquo;acquisition du terrain, et devra apporter 58 043,12 euros supplémentaires pour finir de payer la TVA sur l&rsquo;acquisition, soit un total de 2 808 043,12 euros<strong>. </strong></p>



<p>Par le biais de wecity, vous pouvez participer à une opération de <strong>prêt à taux fixe</strong> avec un <strong>taux d&rsquo;intérêt annuel de 11% pour une durée estimée de 9 mois</strong> (6 mois obligatoires) avec la possibilité de prolonger de 3 mois supplémentaires sur<strong> </strong>.</p>



<p>Le paiement des intérêts et le remboursement du capital investi seront effectués<strong> à l&rsquo;échéance</strong>.</p>



<h2 class="wp-block-heading">Le projet</h2>



<figure class="wp-block-image size-large is-resized"><img decoding="async" width="1024" height="761" src="https://www.wecity.com/wp-content/uploads/2025/07/wecity_imag_inversion_Valencia-Patraix_00-1024x761.jpg" alt="" class="wp-image-20348" style="width:1200px;height:auto" srcset="https://www.wecity.com/wp-content/uploads/2025/07/wecity_imag_inversion_Valencia-Patraix_00-1024x761.jpg 1024w, https://www.wecity.com/wp-content/uploads/2025/07/wecity_imag_inversion_Valencia-Patraix_00-300x223.jpg 300w, https://www.wecity.com/wp-content/uploads/2025/07/wecity_imag_inversion_Valencia-Patraix_00-768x571.jpg 768w, https://www.wecity.com/wp-content/uploads/2025/07/wecity_imag_inversion_Valencia-Patraix_00-1536x1142.jpg 1536w, https://www.wecity.com/wp-content/uploads/2025/07/wecity_imag_inversion_Valencia-Patraix_00-2048x1523.jpg 2048w" sizes="(max-width: 1024px) 100vw, 1024px" /></figure>



<h2 class="wp-block-heading">Situation et environnement</h2>



<iframe src="https://www.google.com/maps/embed?pb=!1m16!1m12!1m3!1d1436.4780007361894!2d-0.3949143034013212!3d39.45114938812274!2m3!1f0!2f0!3f0!3m2!1i1024!2i768!4f13.1!2m1!1sPPR-9%20Patraix%20del%20PGPU%20valencia!5e1!3m2!1ses!2ses!4v1753353964274!5m2!1ses!2ses" width="800" height="600" style="border:0;" allowfullscreen="" loading="lazy" referrerpolicy="no-referrer-when-downgrade"></iframe>



<p><strong>Patraix : Opportunité immobilière en pleine croissance.</strong></p>



<p>Patraix s&rsquo;est imposé comme l&rsquo;un des quartiers les plus prometteurs de Valence. Sa situation stratégique, sa forte demande locative et ses prix encore accessibles en font un point clé pour les investisseurs à la recherche d&rsquo;une rentabilité soutenue et d&rsquo;un risque faible. </p>



<p>Investir à Patraix, c&rsquo;est anticiper la croissance immobilière de Valence, une ville en pleine expansion et d&rsquo;une grande attractivité nationale et internationale.</p>



<h2 class="wp-block-heading">Garantie hypothécaire</h2>



<p>Dans ce projet, la garantie est le remboursement par l&rsquo;Agence fiscale (AEAT) des montants payés au titre de la TVA, en l&rsquo;occurrence <strong>577 500 euros.</strong></p>



<h2 class="wp-block-heading">Agent de garantie</h2>



<p>La création, la maintenance, la gestion, l&rsquo;administration et, le cas échéant, l&rsquo;exécution du gage au nom des investisseurs de la wecity sont effectuées par une entité externe.</p>



<p>Dans ce cas, l&rsquo;agent de garantie désigné sera celui indiqué dans le contrat de prêt.  </p>



<div style="height:16px" aria-hidden="true" class="wp-block-spacer"></div>



<h2 class="wp-block-heading" style="font-size:24px">Evaluation</h2>



<p>wecity, en tant que fournisseur de services de crowdfunding et conformément au règlement délégué (UE) 2024/358 complétant le règlement (UE) 2020/1503 du Parlement européen et du Conseil, fournit une <a href="https://www.wecity.com/fr/modele-devaluation-des-risques/" target="_blank" rel="noreferrer noopener">description de la méthode de notation de crédit</a><br> des projets utilisés pour calculer les notations. Si le calcul est fondé sur des comptes non audités, cela doit être clairement indiqué dans la description de la méthode. </p>



<h2 class="wp-block-heading" style="font-size:24px">Contrôle</h2>



<p>Le promoteur devra justifier l&rsquo;utilisation des fonds dans chacune des demandes. L&rsquo;utilisation des fonds par le promoteur sera contrôlée par une société externe à wecity.   </p>



<p></p>
